{"id":17539,"date":"2023-05-25T15:16:25","date_gmt":"2023-05-25T13:16:25","guid":{"rendered":"https:\/\/www.pharmaforum.be\/?post_type=activity&#038;p=17539"},"modified":"2023-08-10T15:48:05","modified_gmt":"2023-08-10T13:48:05","slug":"partage-de-donnees-de-sante-en-wallonie-quen-est-il-pour-la-pharmacie","status":"publish","type":"activity","link":"https:\/\/www.pharmaforum.be\/fr\/session\/partage-de-donnees-de-sante-en-wallonie-quen-est-il-pour-la-pharmacie\/","title":{"rendered":"Partage de donn\u00e9es de sant\u00e9 en Wallonie, qu\u2019en est-il pour la pharmacie\u00a0?"},"content":{"rendered":"","protected":false},"excerpt":{"rendered":"<p>Pr\u00e9sentation g\u00e9n\u00e9rale de l\u2019e-sant\u00e9. Lien th\u00e9rapeutique ? Consentement \u00e9clair\u00e9 ? RSW, qu\u2019est-ce que c\u2019est ? Comment puis-je m\u2019y inscrire ?<\/p>\n","protected":false},"featured_media":17543,"template":"","meta":{"_seopress_robots_primary_cat":"","_seopress_titles_title":"Partage de donn\u00e9es de sant\u00e9 en Wallonie, qu\u2019en est-il pour la pharmacie ?","_seopress_titles_desc":"Pr\u00e9sentation g\u00e9n\u00e9rale de l\u2019e-sant\u00e9. Lien th\u00e9rapeutique ? Consentement \u00e9clair\u00e9 ? RSW, qu\u2019est-ce que c\u2019est ? Comment puis-je m\u2019y inscrire ?","_seopress_robots_index":"","_activity_time_start":"11:30","_activity_time_end":"12:15","_activity_date":"2023-09-24","_activity_price":"0","footnotes":""},"edition":[451],"location":[405],"track":[],"activity_type":[402,404,400],"class_list":["post-17539","activity","type-activity","status-publish","has-post-thumbnail","hentry","edition-pharma-forum-2023","location-salle-de-conference","activity_type-conference","activity_type-formation-accreditee","activity_type-samedi-23-septembre"],"_guests":[{"href":"https:\/\/www.pharmaforum.be\/fr\/wp-json\/wp\/v2\/guest\/17582"},{"href":"https:\/\/www.pharmaforum.be\/fr\/wp-json\/wp\/v2\/guest\/17576"},{"href":"https:\/\/www.pharmaforum.be\/fr\/wp-json\/wp\/v2\/guest\/17568"}],"_sponsors":[],"_cover_image":{"href":"https:\/\/www.pharmaforum.be\/fr\/wp-json\/wp\/v2\/media\/17543"},"_links":{"self":[{"href":"https:\/\/www.pharmaforum.be\/fr\/wp-json\/wp\/v2\/activity\/17539","targetHints":{"allow":["GET"]}}],"collection":[{"href":"https:\/\/www.pharmaforum.be\/fr\/wp-json\/wp\/v2\/activity"}],"about":[{"href":"https:\/\/www.pharmaforum.be\/fr\/wp-json\/wp\/v2\/types\/activity"}],"version-history":[{"count":5,"href":"https:\/\/www.pharmaforum.be\/fr\/wp-json\/wp\/v2\/activity\/17539\/revisions"}],"predecessor-version":[{"id":20459,"href":"https:\/\/www.pharmaforum.be\/fr\/wp-json\/wp\/v2\/activity\/17539\/revisions\/20459"}],"wp:featuredmedia":[{"embeddable":true,"href":"https:\/\/www.pharmaforum.be\/fr\/wp-json\/wp\/v2\/media\/17543"}],"wp:attachment":[{"href":"https:\/\/www.pharmaforum.be\/fr\/wp-json\/wp\/v2\/media?parent=17539"}],"wp:term":[{"taxonomy":"edition","embeddable":true,"href":"https:\/\/www.pharmaforum.be\/fr\/wp-json\/wp\/v2\/edition?post=17539"},{"taxonomy":"location","embeddable":true,"href":"https:\/\/www.pharmaforum.be\/fr\/wp-json\/wp\/v2\/location?post=17539"},{"taxonomy":"track","embeddable":true,"href":"https:\/\/www.pharmaforum.be\/fr\/wp-json\/wp\/v2\/track?post=17539"},{"taxonomy":"activity_type","embeddable":true,"href":"https:\/\/www.pharmaforum.be\/fr\/wp-json\/wp\/v2\/activity_type?post=17539"}],"curies":[{"name":"wp","href":"https:\/\/api.w.org\/{rel}","templated":true}]}}

Partage de données de santé en Wallonie, qu’en est-il pour la pharmacie ?

<p>Présentation générale de l’e-santé. Lien thérapeutique ? Consentement éclairé ? RSW, qu’est-ce que c’est ? Comment puis-je m’y inscrire ?</p>

Partage de données de santé en Wallonie, qu’en est-il pour la pharmacie ?

Présentation générale de l’e-santé. Lien thérapeutique ? Consentement éclairé ? RSW, qu’est-ce que c’est ? Comment puis-je m’y inscrire ?
