{"id":17548,"date":"2023-05-25T15:59:37","date_gmt":"2023-05-25T13:59:37","guid":{"rendered":"https:\/\/www.pharmaforum.be\/?post_type=activity&#038;p=17548"},"modified":"2023-05-25T17:09:26","modified_gmt":"2023-05-25T15:09:26","slug":"la-pplw-plateforme-de-premiere-ligne-wallonne-ou-la-multidisciplinarite-comme-enjeu-pour-la-premiere-ligne-de-demain","status":"publish","type":"activity","link":"https:\/\/www.pharmaforum.be\/fr\/session\/la-pplw-plateforme-de-premiere-ligne-wallonne-ou-la-multidisciplinarite-comme-enjeu-pour-la-premiere-ligne-de-demain\/","title":{"rendered":"La PPLW, Plateforme de Premi\u00e8re Ligne Wallonne ou la multidisciplinarit\u00e9 comme enjeu pour la premi\u00e8re ligne de demain"},"content":{"rendered":"","protected":false},"excerpt":{"rendered":"<p><span style=\"font-family: Calibri, sans-serif;\"><span style=\"font-size: 14.6667px;\">Qui se trouve derri\u00e8re ce nom PPLW ? Qui sont ses membres, ses partenaires ? Quel est son ADN ? Quels sont ses objectifs ?<\/span><\/span><\/p>\n<p><span style=\"font-family: Calibri, sans-serif;\"><span style=\"font-size: 14.6667px;\">C\u2019est en tentant de r\u00e9pondre \u00e0 toutes ces questions que nous brosserons le portrait de la PPLW depuis sa cr\u00e9ation jusqu\u2019\u00e0 maintenant sans oublier ses perspectives futures. Nous partagerons avec vous nos objectifs et les enjeux de la multidisciplinarit\u00e9 au sein de la premi\u00e8re ligne pour l\u2019avenir de celle-ci et son \u00e9volution vers plus de structuration et d\u2019efficience, au b\u00e9n\u00e9fice de la sant\u00e9 des citoyens.<\/span><\/span><\/p>\n","protected":false},"featured_media":17550,"template":"","meta":{"_seopress_robots_primary_cat":"","_seopress_titles_title":"La PPLW, Plateforme de Premi\u00e8re Ligne Wallonne ou la multidisciplinarit\u00e9 comme enjeu pour la premi\u00e8re ligne de demain","_seopress_titles_desc":"Qui se trouve derri\u00e8re ce nom PPLW ? Qui sont ses membres, ses partenaires ? Quel est son ADN ? Quels sont ses objectifs ?\r\nC\u2019est en tentant de r\u00e9pondre \u00e0 toutes ces questions que nous brosserons le portrait de la PPLW depuis sa cr\u00e9ation jusqu\u2019\u00e0 maintenant sans oublier ses perspectives futures. Nous partagerons avec vous nos objectifs et les enjeux de la multidisciplinarit\u00e9 au sein de la premi\u00e8re ligne pour l\u2019avenir de celle-ci et son \u00e9volution vers plus de structuration et d\u2019efficience, au b\u00e9n\u00e9fice de la sant\u00e9 des citoyens.","_seopress_robots_index":"","_activity_time_start":"14:00","_activity_time_end":"14:45","_activity_date":"2023-09-23","_activity_price":"0","footnotes":""},"edition":[451],"location":[405],"track":[],"activity_type":[402,401,404],"class_list":["post-17548","activity","type-activity","status-publish","has-post-thumbnail","hentry","edition-pharma-forum-2023","location-salle-de-conference","activity_type-conference","activity_type-dimanche-24-septembre","activity_type-formation-accreditee"],"_guests":[{"href":"https:\/\/www.pharmaforum.be\/fr\/wp-json\/wp\/v2\/guest\/17562"},{"href":"https:\/\/www.pharmaforum.be\/fr\/wp-json\/wp\/v2\/guest\/17554"}],"_sponsors":[],"_cover_image":{"href":"https:\/\/www.pharmaforum.be\/fr\/wp-json\/wp\/v2\/media\/17550"},"_links":{"self":[{"href":"https:\/\/www.pharmaforum.be\/fr\/wp-json\/wp\/v2\/activity\/17548","targetHints":{"allow":["GET"]}}],"collection":[{"href":"https:\/\/www.pharmaforum.be\/fr\/wp-json\/wp\/v2\/activity"}],"about":[{"href":"https:\/\/www.pharmaforum.be\/fr\/wp-json\/wp\/v2\/types\/activity"}],"version-history":[{"count":2,"href":"https:\/\/www.pharmaforum.be\/fr\/wp-json\/wp\/v2\/activity\/17548\/revisions"}],"predecessor-version":[{"id":17553,"href":"https:\/\/www.pharmaforum.be\/fr\/wp-json\/wp\/v2\/activity\/17548\/revisions\/17553"}],"wp:featuredmedia":[{"embeddable":true,"href":"https:\/\/www.pharmaforum.be\/fr\/wp-json\/wp\/v2\/media\/17550"}],"wp:attachment":[{"href":"https:\/\/www.pharmaforum.be\/fr\/wp-json\/wp\/v2\/media?parent=17548"}],"wp:term":[{"taxonomy":"edition","embeddable":true,"href":"https:\/\/www.pharmaforum.be\/fr\/wp-json\/wp\/v2\/edition?post=17548"},{"taxonomy":"location","embeddable":true,"href":"https:\/\/www.pharmaforum.be\/fr\/wp-json\/wp\/v2\/location?post=17548"},{"taxonomy":"track","embeddable":true,"href":"https:\/\/www.pharmaforum.be\/fr\/wp-json\/wp\/v2\/track?post=17548"},{"taxonomy":"activity_type","embeddable":true,"href":"https:\/\/www.pharmaforum.be\/fr\/wp-json\/wp\/v2\/activity_type?post=17548"}],"curies":[{"name":"wp","href":"https:\/\/api.w.org\/{rel}","templated":true}]}}

La PPLW, Plateforme de Première Ligne Wallonne ou la multidisciplinarité comme enjeu pour la première ligne de demain

<p><span style="font-family: Calibri, sans-serif;"><span style="font-size: 14.6667px;">Qui se trouve derrière ce nom PPLW ? Qui sont ses membres, ses partenaires ? Quel est son ADN ? Quels sont ses objectifs ?</span></span></p>
<p><span style="font-family: Calibri, sans-serif;"><span style="font-size: 14.6667px;">C’est en tentant de répondre à toutes ces questions que nous brosserons le portrait de la PPLW depuis sa création jusqu’à maintenant sans oublier ses perspectives futures. Nous partagerons avec vous nos objectifs et les enjeux de la multidisciplinarité au sein de la première ligne pour l’avenir de celle-ci et son évolution vers plus de structuration et d’efficience, au bénéfice de la santé des citoyens.</span></span></p>

Qui se trouve derrière ce nom PPLW ? Qui sont ses membres, ses partenaires ? Quel est son ADN ? Quels sont ses objectifs ?
C’est en tentant de répondre à toutes ces questions que nous brosserons le portrait de la PPLW depuis sa création jusqu’à maintenant sans oublier ses perspectives futures. Nous partagerons avec vous nos objectifs et les enjeux de la multidisciplinarité au sein de la première ligne pour l’avenir de celle-ci et son évolution vers plus de structuration et d’efficience, au bénéfice de la santé des citoyens.
