{"id":17853,"date":"2023-06-07T09:33:33","date_gmt":"2023-06-07T07:33:33","guid":{"rendered":"https:\/\/www.pharmaforum.be\/?post_type=activity&#038;p=17853"},"modified":"2023-08-02T17:06:49","modified_gmt":"2023-08-02T15:06:49","slug":"de-laudit-externe-au-coaching-qualite-pourquoi-renforcer-la-demarche-qualite-a-lofficine","status":"publish","type":"activity","link":"https:\/\/www.pharmaforum.be\/fr\/session\/de-laudit-externe-au-coaching-qualite-pourquoi-renforcer-la-demarche-qualite-a-lofficine\/","title":{"rendered":"De l&#8217;audit externe au coaching qualit\u00e9, pourquoi renforcer la d\u00e9marche qualit\u00e9 \u00e0 l&#8217;officine ?"},"content":{"rendered":"","protected":false},"excerpt":{"rendered":"<p class=\"MsoNormal\"><span style=\"font-size: 11.5pt; font-family: 'Segoe UI',sans-serif; color: #242424;\">Vous avez entendu parler de l&#8217;audit externe mais aimeriez avoir des informations plus\u00a0concr\u00e8tes ?<\/span><\/p>\n<p class=\"MsoNormal\"><span style=\"font-size: 11.5pt; font-family: 'Segoe UI',sans-serif; color: #242424;\">Lors de cette conf\u00e9rence, vous d\u00e9couvrirez : en quoi l&#8217;audit externe diff\u00e8re\u00a0d&#8217;une inspection ?<span class=\"apple-converted-space\">\u00a0<\/span><br \/>\nQui sont les auditeurs et comment ont-ils \u00e9t\u00e9 form\u00e9s ? Faut-il se pr\u00e9parer avant un audit ?\u00a0<\/span><\/p>\n<p class=\"MsoNormal\"><span style=\"font-size: 11.5pt; font-family: 'Segoe UI',sans-serif; color: #242424;\">Qu&#8217;est ce que le service de coaching qualit\u00e9 d\u00e9velopp\u00e9 par l&#8217;AUP.\u00a0<\/span><\/p>\n<p class=\"MsoNormal\"><span style=\"font-size: 11.5pt; font-family: 'Segoe UI',sans-serif; color: #242424;\">En quoi l&#8217;audit externe et le coaching qualit\u00e9 renforce la d\u00e9marche qualit\u00e9 \u00e0 l&#8217;officine ?\u00a0<\/span><\/p>\n<p class=\"MsoNormal\"><span class=\"contentpasted0\"><span style=\"font-size: 11.5pt; font-family: 'Segoe UI',sans-serif; color: #242424;\">Et ce qu&#8217;en disent des confr\u00e8res qui ont d\u00e9j\u00e0 \u00e9t\u00e9 audit\u00e9s ou coach\u00e9s.<\/span><\/span><\/p>\n","protected":false},"featured_media":17855,"template":"","meta":{"_seopress_robots_primary_cat":"","_seopress_titles_title":"De l&#039;audit externe au coaching qualit\u00e9, pourquoi renforcer la d\u00e9marche qualit\u00e9 \u00e0 l&#039;officine ? - Pharma forum 2023","_seopress_titles_desc":"Vous avez entendu parler de l&#039;audit externe mais aimeriez avoir des informations plus concr\u00e8tes ?\r\nLors de cette conf\u00e9rence, vous d\u00e9couvrirez : en quoi l&#039;audit externe diff\u00e8re d&#039;une inspection ? \r\nQui sont les auditeurs et comment ont-ils \u00e9t\u00e9 form\u00e9s ? Faut-il se pr\u00e9parer avant un audit ? \r\nQu&#039;est ce que le service de coaching qualit\u00e9 d\u00e9velopp\u00e9 par l&#039;AUP. \r\nEn quoi l&#039;audit externe et le coaching qualit\u00e9 renforce la d\u00e9marche qualit\u00e9 \u00e0 l&#039;officine ? \r\nEt ce qu&#039;en disent des confr\u00e8res qui ont d\u00e9j\u00e0 \u00e9t\u00e9 audit\u00e9s ou coach\u00e9s.","_seopress_robots_index":"","_activity_time_start":"15:00","_activity_time_end":"15:45","_activity_date":"2023-09-23","_activity_price":"0","footnotes":""},"edition":[451],"location":[405],"track":[],"activity_type":[402,404,400],"class_list":["post-17853","activity","type-activity","status-publish","has-post-thumbnail","hentry","edition-pharma-forum-2023","location-salle-de-conference","activity_type-conference","activity_type-formation-accreditee","activity_type-samedi-23-septembre"],"_guests":[{"href":"https:\/\/www.pharmaforum.be\/fr\/wp-json\/wp\/v2\/guest\/17847"}],"_sponsors":[],"_cover_image":{"href":"https:\/\/www.pharmaforum.be\/fr\/wp-json\/wp\/v2\/media\/17855"},"_links":{"self":[{"href":"https:\/\/www.pharmaforum.be\/fr\/wp-json\/wp\/v2\/activity\/17853","targetHints":{"allow":["GET"]}}],"collection":[{"href":"https:\/\/www.pharmaforum.be\/fr\/wp-json\/wp\/v2\/activity"}],"about":[{"href":"https:\/\/www.pharmaforum.be\/fr\/wp-json\/wp\/v2\/types\/activity"}],"version-history":[{"count":2,"href":"https:\/\/www.pharmaforum.be\/fr\/wp-json\/wp\/v2\/activity\/17853\/revisions"}],"predecessor-version":[{"id":17858,"href":"https:\/\/www.pharmaforum.be\/fr\/wp-json\/wp\/v2\/activity\/17853\/revisions\/17858"}],"wp:featuredmedia":[{"embeddable":true,"href":"https:\/\/www.pharmaforum.be\/fr\/wp-json\/wp\/v2\/media\/17855"}],"wp:attachment":[{"href":"https:\/\/www.pharmaforum.be\/fr\/wp-json\/wp\/v2\/media?parent=17853"}],"wp:term":[{"taxonomy":"edition","embeddable":true,"href":"https:\/\/www.pharmaforum.be\/fr\/wp-json\/wp\/v2\/edition?post=17853"},{"taxonomy":"location","embeddable":true,"href":"https:\/\/www.pharmaforum.be\/fr\/wp-json\/wp\/v2\/location?post=17853"},{"taxonomy":"track","embeddable":true,"href":"https:\/\/www.pharmaforum.be\/fr\/wp-json\/wp\/v2\/track?post=17853"},{"taxonomy":"activity_type","embeddable":true,"href":"https:\/\/www.pharmaforum.be\/fr\/wp-json\/wp\/v2\/activity_type?post=17853"}],"curies":[{"name":"wp","href":"https:\/\/api.w.org\/{rel}","templated":true}]}}

De l&#8217;audit externe au coaching qualité, pourquoi renforcer la démarche qualité à l&#8217;officine ?

<p class="MsoNormal"><span style="font-size: 11.5pt; font-family: 'Segoe UI',sans-serif; color: #242424;">Vous avez entendu parler de l&#8217;audit externe mais aimeriez avoir des informations plus concrètes ?</span></p>
<p class="MsoNormal"><span style="font-size: 11.5pt; font-family: 'Segoe UI',sans-serif; color: #242424;">Lors de cette conférence, vous découvrirez : en quoi l&#8217;audit externe diffère d&#8217;une inspection ?<span class="apple-converted-space"> </span><br />
Qui sont les auditeurs et comment ont-ils été formés ? Faut-il se préparer avant un audit ? </span></p>
<p class="MsoNormal"><span style="font-size: 11.5pt; font-family: 'Segoe UI',sans-serif; color: #242424;">Qu&#8217;est ce que le service de coaching qualité développé par l&#8217;AUP. </span></p>
<p class="MsoNormal"><span style="font-size: 11.5pt; font-family: 'Segoe UI',sans-serif; color: #242424;">En quoi l&#8217;audit externe et le coaching qualité renforce la démarche qualité à l&#8217;officine ? </span></p>
<p class="MsoNormal"><span class="contentpasted0"><span style="font-size: 11.5pt; font-family: 'Segoe UI',sans-serif; color: #242424;">Et ce qu&#8217;en disent des confrères qui ont déjà été audités ou coachés.</span></span></p>

De l&#039;audit externe au coaching qualité, pourquoi renforcer la démarche qualité à l&#039;officine ? - Pharma forum 2023

Vous avez entendu parler de l&#039;audit externe mais aimeriez avoir des informations plus concrètes ?
Lors de cette conférence, vous découvrirez : en quoi l&#039;audit externe diffère d&#039;une inspection ? 
Qui sont les auditeurs et comment ont-ils été formés ? Faut-il se préparer avant un audit ? 
Qu&#039;est ce que le service de coaching qualité développé par l&#039;AUP. 
En quoi l&#039;audit externe et le coaching qualité renforce la démarche qualité à l&#039;officine ? 
Et ce qu&#039;en disent des confrères qui ont déjà été audités ou coachés.
