{"id":17859,"date":"2023-06-07T09:38:00","date_gmt":"2023-06-07T07:38:00","guid":{"rendered":"https:\/\/www.pharmaforum.be\/?post_type=activity&#038;p=17859"},"modified":"2023-08-02T17:08:30","modified_gmt":"2023-08-02T15:08:30","slug":"de-laudit-externe-au-coaching-qualite-pourquoi-renforcer-la-demarche-qualite-a-lofficine-2","status":"publish","type":"activity","link":"https:\/\/www.pharmaforum.be\/fr\/session\/de-laudit-externe-au-coaching-qualite-pourquoi-renforcer-la-demarche-qualite-a-lofficine-2\/","title":{"rendered":"De l&#8217;audit externe au coaching qualit\u00e9, pourquoi renforcer la d\u00e9marche qualit\u00e9 \u00e0 l&#8217;officine ?"},"content":{"rendered":"","protected":false},"excerpt":{"rendered":"<p>Vous avez entendu parler de l&#8217;audit externe mais aimeriez avoir des informations plus concr\u00e8tes ?<\/p>\n<p>Lors de cette conf\u00e9rence, vous d\u00e9couvrirez : en quoi l&#8217;audit externe diff\u00e8re d&#8217;une inspection ?<\/p>\n<p>Qui sont les auditeurs et comment ont-ils \u00e9t\u00e9 form\u00e9s ? Faut-il se pr\u00e9parer avant un audit ?<\/p>\n<p>Qu&#8217;est ce que le service de coaching qualit\u00e9 d\u00e9velopp\u00e9 par l&#8217;AUP.<\/p>\n<p>En quoi l&#8217;audit externe et le coaching qualit\u00e9 renforce la d\u00e9marche qualit\u00e9 \u00e0 l&#8217;officine ?<\/p>\n<p>Et ce qu&#8217;en disent des confr\u00e8res qui ont d\u00e9j\u00e0 \u00e9t\u00e9 audit\u00e9s ou coach\u00e9s.<\/p>\n","protected":false},"featured_media":17855,"template":"","meta":{"_seopress_robots_primary_cat":"","_seopress_titles_title":"De l&#039;audit externe au coaching qualit\u00e9, pourquoi renforcer la d\u00e9marche qualit\u00e9 \u00e0 l&#039;officine ? - Pharma forum 2023","_seopress_titles_desc":"Vous avez entendu parler de l&#039;audit externe mais aimeriez avoir des informations plus concr\u00e8tes ?\r\nLors de cette conf\u00e9rence, vous d\u00e9couvrirez : en quoi l&#039;audit externe diff\u00e8re d&#039;une inspection ? \r\nQui sont les auditeurs et comment ont-ils \u00e9t\u00e9 form\u00e9s ? Faut-il se pr\u00e9parer avant un audit ? \r\nQu&#039;est ce que le service de coaching qualit\u00e9 d\u00e9velopp\u00e9 par l&#039;AUP. \r\nEn quoi l&#039;audit externe et le coaching qualit\u00e9 renforce la d\u00e9marche qualit\u00e9 \u00e0 l&#039;officine ? \r\nEt ce qu&#039;en disent des confr\u00e8res qui ont d\u00e9j\u00e0 \u00e9t\u00e9 audit\u00e9s ou coach\u00e9s.","_seopress_robots_index":"","_activity_time_start":"13:30","_activity_time_end":"14:15","_activity_date":"2023-09-24","_activity_price":"0","footnotes":""},"edition":[451],"location":[405],"track":[],"activity_type":[402,401,404],"class_list":["post-17859","activity","type-activity","status-publish","has-post-thumbnail","hentry","edition-pharma-forum-2023","location-salle-de-conference","activity_type-conference","activity_type-dimanche-24-septembre","activity_type-formation-accreditee"],"_guests":[{"href":"https:\/\/www.pharmaforum.be\/fr\/wp-json\/wp\/v2\/guest\/17847"}],"_sponsors":[],"_cover_image":{"href":"https:\/\/www.pharmaforum.be\/fr\/wp-json\/wp\/v2\/media\/17855"},"_links":{"self":[{"href":"https:\/\/www.pharmaforum.be\/fr\/wp-json\/wp\/v2\/activity\/17859","targetHints":{"allow":["GET"]}}],"collection":[{"href":"https:\/\/www.pharmaforum.be\/fr\/wp-json\/wp\/v2\/activity"}],"about":[{"href":"https:\/\/www.pharmaforum.be\/fr\/wp-json\/wp\/v2\/types\/activity"}],"version-history":[{"count":2,"href":"https:\/\/www.pharmaforum.be\/fr\/wp-json\/wp\/v2\/activity\/17859\/revisions"}],"predecessor-version":[{"id":17862,"href":"https:\/\/www.pharmaforum.be\/fr\/wp-json\/wp\/v2\/activity\/17859\/revisions\/17862"}],"wp:featuredmedia":[{"embeddable":true,"href":"https:\/\/www.pharmaforum.be\/fr\/wp-json\/wp\/v2\/media\/17855"}],"wp:attachment":[{"href":"https:\/\/www.pharmaforum.be\/fr\/wp-json\/wp\/v2\/media?parent=17859"}],"wp:term":[{"taxonomy":"edition","embeddable":true,"href":"https:\/\/www.pharmaforum.be\/fr\/wp-json\/wp\/v2\/edition?post=17859"},{"taxonomy":"location","embeddable":true,"href":"https:\/\/www.pharmaforum.be\/fr\/wp-json\/wp\/v2\/location?post=17859"},{"taxonomy":"track","embeddable":true,"href":"https:\/\/www.pharmaforum.be\/fr\/wp-json\/wp\/v2\/track?post=17859"},{"taxonomy":"activity_type","embeddable":true,"href":"https:\/\/www.pharmaforum.be\/fr\/wp-json\/wp\/v2\/activity_type?post=17859"}],"curies":[{"name":"wp","href":"https:\/\/api.w.org\/{rel}","templated":true}]}}

De l&#8217;audit externe au coaching qualité, pourquoi renforcer la démarche qualité à l&#8217;officine ?

<p>Vous avez entendu parler de l&#8217;audit externe mais aimeriez avoir des informations plus concrètes ?</p>
<p>Lors de cette conférence, vous découvrirez : en quoi l&#8217;audit externe diffère d&#8217;une inspection ?</p>
<p>Qui sont les auditeurs et comment ont-ils été formés ? Faut-il se préparer avant un audit ?</p>
<p>Qu&#8217;est ce que le service de coaching qualité développé par l&#8217;AUP.</p>
<p>En quoi l&#8217;audit externe et le coaching qualité renforce la démarche qualité à l&#8217;officine ?</p>
<p>Et ce qu&#8217;en disent des confrères qui ont déjà été audités ou coachés.</p>

De l&#039;audit externe au coaching qualité, pourquoi renforcer la démarche qualité à l&#039;officine ? - Pharma forum 2023

Vous avez entendu parler de l&#039;audit externe mais aimeriez avoir des informations plus concrètes ?
Lors de cette conférence, vous découvrirez : en quoi l&#039;audit externe diffère d&#039;une inspection ? 
Qui sont les auditeurs et comment ont-ils été formés ? Faut-il se préparer avant un audit ? 
Qu&#039;est ce que le service de coaching qualité développé par l&#039;AUP. 
En quoi l&#039;audit externe et le coaching qualité renforce la démarche qualité à l&#039;officine ? 
Et ce qu&#039;en disent des confrères qui ont déjà été audités ou coachés.
