{"id":18594,"date":"2023-07-11T11:16:00","date_gmt":"2023-07-11T09:16:00","guid":{"rendered":"https:\/\/www.pharmaforum.be\/?post_type=activity&#038;p=18594"},"modified":"2023-08-09T10:00:02","modified_gmt":"2023-08-09T08:00:02","slug":"la-vaccination-en-general-et-la-vaccination-covid-en-particulier","status":"publish","type":"activity","link":"https:\/\/www.pharmaforum.be\/fr\/session\/la-vaccination-en-general-et-la-vaccination-covid-en-particulier\/","title":{"rendered":"La vaccination en g\u00e9n\u00e9ral, et la vaccination COVID en particulier"},"content":{"rendered":"","protected":false},"excerpt":{"rendered":"<p class=\"MsoNormal\">Comment fonctionnent les vaccins ? Pourquoi se faire vacciner ? Quels sont les avantages et les inconv\u00e9nients de la vaccination ? Quelles sont les diff\u00e9rentes vaccinations obligatoires et facultatives en Belgique ? Cette conf\u00e9rence de l\u2019AVIQ a pour vocation de r\u00e9pondre \u00e0 ces questions, ainsi que de vous pr\u00e9senter les sp\u00e9cificit\u00e9s de la vaccination COVID.<\/p>\n<p class=\"MsoNormal\">+ Questions\/r\u00e9ponses<\/p>\n","protected":false},"featured_media":20310,"template":"","meta":{"_seopress_robots_primary_cat":"","_seopress_titles_title":"La vaccination en g\u00e9n\u00e9ral, et la vaccination COVID en particulier - Pharma forum","_seopress_titles_desc":"Comment fonctionnent les vaccins ? Pourquoi se faire vacciner ? Quels sont les avantages et les inconv\u00e9nients de la vaccination ? Quelles sont les diff\u00e9rentes vaccinations obligatoires et facultatives en Belgique ? Cette conf\u00e9rence de l\u2019AVIQ a pour vocation de r\u00e9pondre \u00e0 ces questions, ainsi que de vous pr\u00e9senter les sp\u00e9cificit\u00e9s de la vaccination COVID.","_seopress_robots_index":"","_activity_time_start":"10:30","_activity_time_end":"11:15","_activity_date":"2023-09-24","_activity_price":"0","footnotes":""},"edition":[451],"location":[405],"track":[],"activity_type":[402,401],"class_list":["post-18594","activity","type-activity","status-publish","has-post-thumbnail","hentry","edition-pharma-forum-2023","location-salle-de-conference","activity_type-conference","activity_type-dimanche-24-septembre"],"_guests":[{"href":"https:\/\/www.pharmaforum.be\/fr\/wp-json\/wp\/v2\/guest\/18604"},{"href":"https:\/\/www.pharmaforum.be\/fr\/wp-json\/wp\/v2\/guest\/18600"}],"_sponsors":[],"_cover_image":{"href":"https:\/\/www.pharmaforum.be\/fr\/wp-json\/wp\/v2\/media\/20310"},"_links":{"self":[{"href":"https:\/\/www.pharmaforum.be\/fr\/wp-json\/wp\/v2\/activity\/18594","targetHints":{"allow":["GET"]}}],"collection":[{"href":"https:\/\/www.pharmaforum.be\/fr\/wp-json\/wp\/v2\/activity"}],"about":[{"href":"https:\/\/www.pharmaforum.be\/fr\/wp-json\/wp\/v2\/types\/activity"}],"version-history":[{"count":5,"href":"https:\/\/www.pharmaforum.be\/fr\/wp-json\/wp\/v2\/activity\/18594\/revisions"}],"predecessor-version":[{"id":20385,"href":"https:\/\/www.pharmaforum.be\/fr\/wp-json\/wp\/v2\/activity\/18594\/revisions\/20385"}],"wp:featuredmedia":[{"embeddable":true,"href":"https:\/\/www.pharmaforum.be\/fr\/wp-json\/wp\/v2\/media\/20310"}],"wp:attachment":[{"href":"https:\/\/www.pharmaforum.be\/fr\/wp-json\/wp\/v2\/media?parent=18594"}],"wp:term":[{"taxonomy":"edition","embeddable":true,"href":"https:\/\/www.pharmaforum.be\/fr\/wp-json\/wp\/v2\/edition?post=18594"},{"taxonomy":"location","embeddable":true,"href":"https:\/\/www.pharmaforum.be\/fr\/wp-json\/wp\/v2\/location?post=18594"},{"taxonomy":"track","embeddable":true,"href":"https:\/\/www.pharmaforum.be\/fr\/wp-json\/wp\/v2\/track?post=18594"},{"taxonomy":"activity_type","embeddable":true,"href":"https:\/\/www.pharmaforum.be\/fr\/wp-json\/wp\/v2\/activity_type?post=18594"}],"curies":[{"name":"wp","href":"https:\/\/api.w.org\/{rel}","templated":true}]}}

La vaccination en général, et la vaccination COVID en particulier

<p class="MsoNormal">Comment fonctionnent les vaccins ? Pourquoi se faire vacciner ? Quels sont les avantages et les inconvénients de la vaccination ? Quelles sont les différentes vaccinations obligatoires et facultatives en Belgique ? Cette conférence de l’AVIQ a pour vocation de répondre à ces questions, ainsi que de vous présenter les spécificités de la vaccination COVID.</p>
<p class="MsoNormal">+ Questions/réponses</p>

La vaccination en général, et la vaccination COVID en particulier - Pharma forum

Comment fonctionnent les vaccins ? Pourquoi se faire vacciner ? Quels sont les avantages et les inconvénients de la vaccination ? Quelles sont les différentes vaccinations obligatoires et facultatives en Belgique ? Cette conférence de l’AVIQ a pour vocation de répondre à ces questions, ainsi que de vous présenter les spécificités de la vaccination COVID.
