{"id":6079,"date":"2022-07-01T17:14:55","date_gmt":"2022-07-01T15:14:55","guid":{"rendered":"https:\/\/www.pharmaforum.be\/?post_type=activity&#038;p=6079"},"modified":"2022-07-01T17:20:05","modified_gmt":"2022-07-01T15:20:05","slug":"implication-de-la-loi-qualite-dans-la-pratique-du-pharmacien","status":"publish","type":"activity","link":"https:\/\/www.pharmaforum.be\/fr\/session\/implication-de-la-loi-qualite-dans-la-pratique-du-pharmacien\/","title":{"rendered":"Implication de la loi qualit\u00e9 dans la pratique du pharmacien ?"},"content":{"rendered":"<p>La loi qualit\u00e9 du 22 avril 2019 introduit de nouveaux outils de contr\u00f4le de la qualit\u00e9 des pratiques professionnels. Quelles sont les nouvelles implications pour les pharmaciens\u00a0?<\/p>\n<p>De nouvelles notions sont introduites\u00a0: le registre des pratiques, le portfolio\u2026<\/p>\n<p>Un nouveau contenu est donn\u00e9 au visa. Quelles en sont les cons\u00e9quences\u00a0?<\/p>\n<p>La loi qualit\u00e9 impose \u00e9galement une s\u00e9rie de mentions dans le dossier patient. Nous verrons les implications pour le dossier pharmaceutique tenu \u00e0 la pharmacie.<\/p>\n<p>Les commissions m\u00e9dicales provinciales sont supprim\u00e9es et remplac\u00e9es par une commission de contr\u00f4le. Quelles sont ces missions, comp\u00e9tences\u00a0?<\/p>\n","protected":false},"excerpt":{"rendered":"<p>La loi qualit\u00e9 du 22 avril 2019 introduit de nouveaux outils de contr\u00f4le de la qualit\u00e9 des pratiques professionnels. Quelles sont les nouvelles implications pour les pharmaciens ?<\/p>\n","protected":false},"featured_media":0,"template":"","meta":{"_seopress_robots_primary_cat":"","_seopress_titles_title":"Implication de la loi qualit\u00e9 dans la pratique du pharmacien ? - Pharma forum","_seopress_titles_desc":"La loi qualit\u00e9 du 22 avril 2019 introduit de nouveaux outils de contr\u00f4le de la qualit\u00e9 des pratiques professionnels. Quelles sont les nouvelles implications pour les pharmaciens ? ","_seopress_robots_index":"","_activity_time_start":"13:30","_activity_time_end":"14:15","_activity_date":"2022-09-25","_activity_price":"0","footnotes":""},"edition":[],"location":[405],"track":[],"activity_type":[402,401],"class_list":["post-6079","activity","type-activity","status-publish","hentry","location-salle-de-conference","activity_type-conference","activity_type-dimanche-24-septembre"],"_guests":[{"href":"https:\/\/www.pharmaforum.be\/fr\/wp-json\/wp\/v2\/guest\/5833"}],"_sponsors":[],"_cover_image":{"href":"https:\/\/www.pharmaforum.be\/fr\/wp-json\/wp\/v2\/media\/1711"},"_links":{"self":[{"href":"https:\/\/www.pharmaforum.be\/fr\/wp-json\/wp\/v2\/activity\/6079","targetHints":{"allow":["GET"]}}],"collection":[{"href":"https:\/\/www.pharmaforum.be\/fr\/wp-json\/wp\/v2\/activity"}],"about":[{"href":"https:\/\/www.pharmaforum.be\/fr\/wp-json\/wp\/v2\/types\/activity"}],"version-history":[{"count":2,"href":"https:\/\/www.pharmaforum.be\/fr\/wp-json\/wp\/v2\/activity\/6079\/revisions"}],"predecessor-version":[{"id":6085,"href":"https:\/\/www.pharmaforum.be\/fr\/wp-json\/wp\/v2\/activity\/6079\/revisions\/6085"}],"wp:attachment":[{"href":"https:\/\/www.pharmaforum.be\/fr\/wp-json\/wp\/v2\/media?parent=6079"}],"wp:term":[{"taxonomy":"edition","embeddable":true,"href":"https:\/\/www.pharmaforum.be\/fr\/wp-json\/wp\/v2\/edition?post=6079"},{"taxonomy":"location","embeddable":true,"href":"https:\/\/www.pharmaforum.be\/fr\/wp-json\/wp\/v2\/location?post=6079"},{"taxonomy":"track","embeddable":true,"href":"https:\/\/www.pharmaforum.be\/fr\/wp-json\/wp\/v2\/track?post=6079"},{"taxonomy":"activity_type","embeddable":true,"href":"https:\/\/www.pharmaforum.be\/fr\/wp-json\/wp\/v2\/activity_type?post=6079"}],"curies":[{"name":"wp","href":"https:\/\/api.w.org\/{rel}","templated":true}]}}

Implication de la loi qualité dans la pratique du pharmacien ?

<p>La loi qualité du 22 avril 2019 introduit de nouveaux outils de contrôle de la qualité des pratiques professionnels. Quelles sont les nouvelles implications pour les pharmaciens ?</p>
<p>De nouvelles notions sont introduites : le registre des pratiques, le portfolio…</p>
<p>Un nouveau contenu est donné au visa. Quelles en sont les conséquences ?</p>
<p>La loi qualité impose également une série de mentions dans le dossier patient. Nous verrons les implications pour le dossier pharmaceutique tenu à la pharmacie.</p>
<p>Les commissions médicales provinciales sont supprimées et remplacées par une commission de contrôle. Quelles sont ces missions, compétences ?</p>

<p>La loi qualité du 22 avril 2019 introduit de nouveaux outils de contrôle de la qualité des pratiques professionnels. Quelles sont les nouvelles implications pour les pharmaciens ?</p>

Implication de la loi qualité dans la pratique du pharmacien ? - Pharma forum

La loi qualité du 22 avril 2019 introduit de nouveaux outils de contrôle de la qualité des pratiques professionnels. Quelles sont les nouvelles implications pour les pharmaciens ?
