{"id":6087,"date":"2022-07-01T17:21:31","date_gmt":"2022-07-01T15:21:31","guid":{"rendered":"https:\/\/www.pharmaforum.be\/?post_type=activity&#038;p=6087"},"modified":"2022-07-22T15:09:01","modified_gmt":"2022-07-22T13:09:01","slug":"farmaflux-rsw","status":"publish","type":"activity","link":"https:\/\/www.pharmaforum.be\/fr\/session\/farmaflux-rsw\/","title":{"rendered":"Comprendre FarmaFlux et le r\u00e9seau sant\u00e9 wallon (RSW)"},"content":{"rendered":"<p>FarmaFlux veille \u00e0 la s\u00e9curit\u00e9 et \u00e0 l\u2019uniformit\u00e9 de l\u2019\u00e9change de donn\u00e9es en provenance et en direction des officines.<\/p>\n<p>Comment et \u00e0 quoi sert cette collecte des donn\u00e9es\u00a0? Comment les \u00e9changer avec les autres prestataires\u00a0? Quels sont les outils mis \u00e0 dispositions des prestataires de soins\u00a0?<\/p>\n","protected":false},"excerpt":{"rendered":"<p>FarmaFlux veille \u00e0 la s\u00e9curit\u00e9 et \u00e0 l\u2019uniformit\u00e9 de l\u2019\u00e9change de donn\u00e9es en provenance et en direction des officines.<\/p>\n<p>Comment et \u00e0 quoi sert cette collecte des donn\u00e9es\u00a0? Comment les \u00e9changer avec les autres prestataires\u00a0? Quels sont les outils mis \u00e0 dispositions des prestataires de soins\u00a0?<\/p>\n","protected":false},"featured_media":0,"template":"","meta":{"_seopress_robots_primary_cat":"","_seopress_titles_title":"FarmaFlux\/RSW - Pharma forum","_seopress_titles_desc":"FarmaFlux veille \u00e0 la s\u00e9curit\u00e9 et \u00e0 l\u2019uniformit\u00e9 de l\u2019\u00e9change de donn\u00e9es en provenance et en direction des officines.\r\nComment et \u00e0 quoi sert cette collecte des donn\u00e9es ? Comment les \u00e9changer avec les autres prestataires ? Quels sont les outils mis \u00e0 dispositions des prestataires de soins ?","_seopress_robots_index":"","_activity_time_start":"15:30","_activity_time_end":"16:15","_activity_date":"2022-09-25","_activity_price":"0","footnotes":""},"edition":[],"location":[405],"track":[],"activity_type":[402,401],"class_list":["post-6087","activity","type-activity","status-publish","hentry","location-salle-de-conference","activity_type-conference","activity_type-dimanche-24-septembre"],"_guests":[{"href":"https:\/\/www.pharmaforum.be\/fr\/wp-json\/wp\/v2\/guest\/5839"}],"_sponsors":[],"_cover_image":{"href":"https:\/\/www.pharmaforum.be\/fr\/wp-json\/wp\/v2\/media\/1689"},"_links":{"self":[{"href":"https:\/\/www.pharmaforum.be\/fr\/wp-json\/wp\/v2\/activity\/6087","targetHints":{"allow":["GET"]}}],"collection":[{"href":"https:\/\/www.pharmaforum.be\/fr\/wp-json\/wp\/v2\/activity"}],"about":[{"href":"https:\/\/www.pharmaforum.be\/fr\/wp-json\/wp\/v2\/types\/activity"}],"version-history":[{"count":3,"href":"https:\/\/www.pharmaforum.be\/fr\/wp-json\/wp\/v2\/activity\/6087\/revisions"}],"predecessor-version":[{"id":6929,"href":"https:\/\/www.pharmaforum.be\/fr\/wp-json\/wp\/v2\/activity\/6087\/revisions\/6929"}],"wp:attachment":[{"href":"https:\/\/www.pharmaforum.be\/fr\/wp-json\/wp\/v2\/media?parent=6087"}],"wp:term":[{"taxonomy":"edition","embeddable":true,"href":"https:\/\/www.pharmaforum.be\/fr\/wp-json\/wp\/v2\/edition?post=6087"},{"taxonomy":"location","embeddable":true,"href":"https:\/\/www.pharmaforum.be\/fr\/wp-json\/wp\/v2\/location?post=6087"},{"taxonomy":"track","embeddable":true,"href":"https:\/\/www.pharmaforum.be\/fr\/wp-json\/wp\/v2\/track?post=6087"},{"taxonomy":"activity_type","embeddable":true,"href":"https:\/\/www.pharmaforum.be\/fr\/wp-json\/wp\/v2\/activity_type?post=6087"}],"curies":[{"name":"wp","href":"https:\/\/api.w.org\/{rel}","templated":true}]}}

Comprendre FarmaFlux et le réseau santé wallon (RSW)

<p>FarmaFlux veille à la sécurité et à l’uniformité de l’échange de données en provenance et en direction des officines.</p>
<p>Comment et à quoi sert cette collecte des données ? Comment les échanger avec les autres prestataires ? Quels sont les outils mis à dispositions des prestataires de soins ?</p>

FarmaFlux veille à la sécurité et à l’uniformité de l’échange de données en provenance et en direction des officines.
Comment et à quoi sert cette collecte des données ? Comment les échanger avec les autres prestataires ? Quels sont les outils mis à dispositions des prestataires de soins ?
