{"id":6955,"date":"2022-07-22T15:32:46","date_gmt":"2022-07-22T13:32:46","guid":{"rendered":"https:\/\/www.pharmaforum.be\/?post_type=activity&#038;p=6955"},"modified":"2022-07-22T15:33:53","modified_gmt":"2022-07-22T13:33:53","slug":"loligotherapie-cutanee-un-nouveau-segment-de-marche-pour-la-pharmacie-entre-micro-nutrition-et-cosmeceutique-traditionnel","status":"publish","type":"activity","link":"https:\/\/www.pharmaforum.be\/fr\/session\/loligotherapie-cutanee-un-nouveau-segment-de-marche-pour-la-pharmacie-entre-micro-nutrition-et-cosmeceutique-traditionnel\/","title":{"rendered":"L\u2019oligoth\u00e9rapie cutan\u00e9e : un nouveau segment de march\u00e9 pour la pharmacie entre micro-nutrition et cosmeceutique traditionnel\u00a0"},"content":{"rendered":"<p>Comment les carences en min\u00e9raux indispensables changent la peau ?<\/p>\n<p><strong>La solution \u00e0 travers l\u2019oligotherapie cutan\u00e9e<\/strong><\/p>\n<p>Une an\u00e9mie par manque de fer, une ost\u00e9oporose par manque de calcium, un \u00e9tat chronique de fatigue par manque de magn\u00e9sium, \u2026 Tous les jours, les m\u00e9decins sont confront\u00e9s \u00e0 ces carences en min\u00e9raux de nos organismes. Mais quid au niveau de notre peau, qui est sans doute l\u2019organe le moins bien servi par notre alimentation ? Nous allons vous donner les cl\u00e9s des m\u00e9canismes d\u2019action des principaux oligo-\u00e9l\u00e9ments sur la peau et vous expliquerons les cons\u00e9quences cutan\u00e9es de leur carence.<\/p>\n<p>A l\u2019issue de la conf\u00e9rence, Jean-Claude Bozou, docteur en biologie vous proposera un test cutan\u00e9 personnalis\u00e9 de vos carences en oligo-\u00e9l\u00e9ments cutan\u00e9s et vous presentera les solutions que la gamme de produits Gemology peut apporter.<\/p>\n","protected":false},"excerpt":{"rendered":"<p>Comment les carences en min\u00e9raux indispensables changent la peau ?<\/p>\n<p>La solution \u00e0 travers l\u2019oligotherapie cutan\u00e9e<\/p>\n<p>Une an\u00e9mie par manque de fer, une ost\u00e9oporose par manque de calcium, un \u00e9tat chronique de fatigue par manque de magn\u00e9sium, \u2026 Tous les jours, les m\u00e9decins sont confront\u00e9s \u00e0 ces carences en min\u00e9raux de nos organismes. Mais quid au niveau de notre peau, qui est sans doute l\u2019organe le moins bien servi par notre alimentation ? Nous allons vous donner les cl\u00e9s des m\u00e9canismes d\u2019action des principaux oligo-\u00e9l\u00e9ments sur la peau et vous expliquerons les cons\u00e9quences cutan\u00e9es de leur carence.<\/p>\n<p>A l\u2019issue de la conf\u00e9rence, Jean-Claude Bozou, docteur en biologie vous proposera un test cutan\u00e9 personnalis\u00e9 de vos carences en oligo-\u00e9l\u00e9ments cutan\u00e9s et vous presentera les solutions que la gamme de produits Gemology peut apporter.<\/p>\n","protected":false},"featured_media":0,"template":"","meta":{"_seopress_robots_primary_cat":"","_seopress_titles_title":"L\u2019oligoth\u00e9rapie cutan\u00e9e : un nouveau segment de march\u00e9 pour la pharmacie entre micro-nutrition et cosmeceutique traditionnel\u00a0- Pharma forum","_seopress_titles_desc":"Comment les carences en min\u00e9raux indispensables changent la peau ?\r\nLa solution \u00e0 travers l\u2019oligotherapie cutan\u00e9e :\r\nUne an\u00e9mie par manque de fer, une ost\u00e9oporose par manque de calcium, un \u00e9tat chronique de fatigue par manque de magn\u00e9sium, \u2026 Tous les jours, les m\u00e9decins sont confront\u00e9s \u00e0 ces carences en min\u00e9raux de nos organismes. Mais quid au niveau de notre peau, qui est sans doute l\u2019organe le moins bien servi par notre alimentation ? Nous allons vous donner les cl\u00e9s des m\u00e9canismes d\u2019action des principaux oligo-\u00e9l\u00e9ments sur la peau et vous expliquerons les cons\u00e9quences cutan\u00e9es de leur carence.\r\nA l\u2019issue de la conf\u00e9rence, Jean-Claude Bozou, docteur en biologie vous proposera un test cutan\u00e9 personnalis\u00e9 de vos carences en oligo-\u00e9l\u00e9ments cutan\u00e9s et vous presentera les solutions que la gamme de produits Gemology peut apporter.","_seopress_robots_index":"","_activity_time_start":"11:45","_activity_time_end":"12:45","_activity_date":"2022-09-25","_activity_price":"0","footnotes":""},"edition":[],"location":[406],"track":[],"activity_type":[402,401],"class_list":["post-6955","activity","type-activity","status-publish","hentry","location-salle-de-conference-2","activity_type-conference","activity_type-dimanche-24-septembre"],"_guests":[{"href":"https:\/\/www.pharmaforum.be\/fr\/wp-json\/wp\/v2\/guest\/6883"}],"_sponsors":[],"_cover_image":{"href":"https:\/\/www.pharmaforum.be\/fr\/wp-json\/wp\/v2\/media\/6840"},"_links":{"self":[{"href":"https:\/\/www.pharmaforum.be\/fr\/wp-json\/wp\/v2\/activity\/6955","targetHints":{"allow":["GET"]}}],"collection":[{"href":"https:\/\/www.pharmaforum.be\/fr\/wp-json\/wp\/v2\/activity"}],"about":[{"href":"https:\/\/www.pharmaforum.be\/fr\/wp-json\/wp\/v2\/types\/activity"}],"version-history":[{"count":1,"href":"https:\/\/www.pharmaforum.be\/fr\/wp-json\/wp\/v2\/activity\/6955\/revisions"}],"predecessor-version":[{"id":6957,"href":"https:\/\/www.pharmaforum.be\/fr\/wp-json\/wp\/v2\/activity\/6955\/revisions\/6957"}],"wp:attachment":[{"href":"https:\/\/www.pharmaforum.be\/fr\/wp-json\/wp\/v2\/media?parent=6955"}],"wp:term":[{"taxonomy":"edition","embeddable":true,"href":"https:\/\/www.pharmaforum.be\/fr\/wp-json\/wp\/v2\/edition?post=6955"},{"taxonomy":"location","embeddable":true,"href":"https:\/\/www.pharmaforum.be\/fr\/wp-json\/wp\/v2\/location?post=6955"},{"taxonomy":"track","embeddable":true,"href":"https:\/\/www.pharmaforum.be\/fr\/wp-json\/wp\/v2\/track?post=6955"},{"taxonomy":"activity_type","embeddable":true,"href":"https:\/\/www.pharmaforum.be\/fr\/wp-json\/wp\/v2\/activity_type?post=6955"}],"curies":[{"name":"wp","href":"https:\/\/api.w.org\/{rel}","templated":true}]}}

L’oligothérapie cutanée : un nouveau segment de marché pour la pharmacie entre micro-nutrition et cosmeceutique traditionnel

<p>Comment les carences en minéraux indispensables changent la peau ?</p>
<p><strong>La solution à travers l’oligotherapie cutanée</strong></p>
<p>Une anémie par manque de fer, une ostéoporose par manque de calcium, un état chronique de fatigue par manque de magnésium, … Tous les jours, les médecins sont confrontés à ces carences en minéraux de nos organismes. Mais quid au niveau de notre peau, qui est sans doute l’organe le moins bien servi par notre alimentation ? Nous allons vous donner les clés des mécanismes d’action des principaux oligo-éléments sur la peau et vous expliquerons les conséquences cutanées de leur carence.</p>
<p>A l’issue de la conférence, Jean-Claude Bozou, docteur en biologie vous proposera un test cutané personnalisé de vos carences en oligo-éléments cutanés et vous presentera les solutions que la gamme de produits Gemology peut apporter.</p>

<p>Comment les carences en minéraux indispensables changent la peau ?</p>
<p>La solution à travers l’oligotherapie cutanée</p>
<p>Une anémie par manque de fer, une ostéoporose par manque de calcium, un état chronique de fatigue par manque de magnésium, … Tous les jours, les médecins sont confrontés à ces carences en minéraux de nos organismes. Mais quid au niveau de notre peau, qui est sans doute l’organe le moins bien servi par notre alimentation ? Nous allons vous donner les clés des mécanismes d’action des principaux oligo-éléments sur la peau et vous expliquerons les conséquences cutanées de leur carence.</p>
<p>A l’issue de la conférence, Jean-Claude Bozou, docteur en biologie vous proposera un test cutané personnalisé de vos carences en oligo-éléments cutanés et vous presentera les solutions que la gamme de produits Gemology peut apporter.</p>

L’oligothérapie cutanée : un nouveau segment de marché pour la pharmacie entre micro-nutrition et cosmeceutique traditionnel - Pharma forum

Comment les carences en minéraux indispensables changent la peau ?
La solution à travers l’oligotherapie cutanée :
Une anémie par manque de fer, une ostéoporose par manque de calcium, un état chronique de fatigue par manque de magnésium, … Tous les jours, les médecins sont confrontés à ces carences en minéraux de nos organismes. Mais quid au niveau de notre peau, qui est sans doute l’organe le moins bien servi par notre alimentation ? Nous allons vous donner les clés des mécanismes d’action des principaux oligo-éléments sur la peau et vous expliquerons les conséquences cutanées de leur carence.
A l’issue de la conférence, Jean-Claude Bozou, docteur en biologie vous proposera un test cutané personnalisé de vos carences en oligo-éléments cutanés et vous presentera les solutions que la gamme de produits Gemology peut apporter.
