{"id":6969,"date":"2022-07-22T15:50:26","date_gmt":"2022-07-22T13:50:26","guid":{"rendered":"https:\/\/www.pharmaforum.be\/?post_type=activity&#038;p=6969"},"modified":"2022-07-22T15:50:56","modified_gmt":"2022-07-22T13:50:56","slug":"la-prevention-en-officine-dans-les-maladies-chroniques-2","status":"publish","type":"activity","link":"https:\/\/www.pharmaforum.be\/fr\/session\/la-prevention-en-officine-dans-les-maladies-chroniques-2\/","title":{"rendered":"La pr\u00e9vention en officine dans les maladies chroniques"},"content":{"rendered":"<p>Diff\u00e9rents projets-pilotes subsidi\u00e9s par l\u2019INAMI (projets INTEGREO) ont vu le jour en Wallonie. Le d\u00e9pistage diab\u00e8te et la r\u00e9vision m\u00e9dicamenteuse font partie des services propos\u00e9s par les pharmacies participantes. O\u00f9 en sont ces projets\u00a0? Quelle est la plus-value pour les patients, pour le pharmacien et la soci\u00e9t\u00e9\u00a0?<\/p>\n<p>Des pharmaciens impliqu\u00e9s dans les diff\u00e9rents projets viendront vous en parler.<\/p>\n","protected":false},"excerpt":{"rendered":"<p>Diff\u00e9rents projets-pilotes subsidi\u00e9s par l\u2019INAMI (projets INTEGREO) ont vu le jour en Wallonie. Le d\u00e9pistage diab\u00e8te et la r\u00e9vision m\u00e9dicamenteuse font partie des services propos\u00e9s par les pharmacies participantes. O\u00f9 en sont ces projets\u00a0? Quelle est la plus-value pour les patients, pour le pharmacien et la soci\u00e9t\u00e9\u00a0?<\/p>\n<p>Des pharmaciens impliqu\u00e9s dans les diff\u00e9rents projets viendront vous en parler.<\/p>\n","protected":false},"featured_media":0,"template":"","meta":{"_seopress_robots_primary_cat":"","_seopress_titles_title":"La pr\u00e9vention en officine dans les maladies chroniques - Pharma forum","_seopress_titles_desc":"Diff\u00e9rents projets-pilotes subsidi\u00e9s par l\u2019INAMI (projets INTEGREO) ont vu le jour en Wallonie. Le d\u00e9pistage diab\u00e8te et la r\u00e9vision m\u00e9dicamenteuse font partie des services propos\u00e9s par les pharmacies participantes. O\u00f9 en sont ces projets ? Quelle est la plus-value pour les patients, pour le pharmacien et la soci\u00e9t\u00e9 ?\r\nDes pharmaciens impliqu\u00e9s dans les diff\u00e9rents projets viendront vous en parler.","_seopress_robots_index":"","_activity_time_start":"10:30","_activity_time_end":"11:15","_activity_date":"2022-09-25","_activity_price":"0","footnotes":""},"edition":[],"location":[407],"track":[],"activity_type":[403,401],"class_list":["post-6969","activity","type-activity","status-publish","hentry","location-salle-datelier","activity_type-atelier","activity_type-dimanche-24-septembre"],"_guests":[{"href":"https:\/\/www.pharmaforum.be\/fr\/wp-json\/wp\/v2\/guest\/5818"},{"href":"https:\/\/www.pharmaforum.be\/fr\/wp-json\/wp\/v2\/guest\/5813"}],"_sponsors":[],"_cover_image":{"href":"https:\/\/www.pharmaforum.be\/fr\/wp-json\/wp\/v2\/media\/6718"},"_links":{"self":[{"href":"https:\/\/www.pharmaforum.be\/fr\/wp-json\/wp\/v2\/activity\/6969","targetHints":{"allow":["GET"]}}],"collection":[{"href":"https:\/\/www.pharmaforum.be\/fr\/wp-json\/wp\/v2\/activity"}],"about":[{"href":"https:\/\/www.pharmaforum.be\/fr\/wp-json\/wp\/v2\/types\/activity"}],"version-history":[{"count":1,"href":"https:\/\/www.pharmaforum.be\/fr\/wp-json\/wp\/v2\/activity\/6969\/revisions"}],"predecessor-version":[{"id":6971,"href":"https:\/\/www.pharmaforum.be\/fr\/wp-json\/wp\/v2\/activity\/6969\/revisions\/6971"}],"wp:attachment":[{"href":"https:\/\/www.pharmaforum.be\/fr\/wp-json\/wp\/v2\/media?parent=6969"}],"wp:term":[{"taxonomy":"edition","embeddable":true,"href":"https:\/\/www.pharmaforum.be\/fr\/wp-json\/wp\/v2\/edition?post=6969"},{"taxonomy":"location","embeddable":true,"href":"https:\/\/www.pharmaforum.be\/fr\/wp-json\/wp\/v2\/location?post=6969"},{"taxonomy":"track","embeddable":true,"href":"https:\/\/www.pharmaforum.be\/fr\/wp-json\/wp\/v2\/track?post=6969"},{"taxonomy":"activity_type","embeddable":true,"href":"https:\/\/www.pharmaforum.be\/fr\/wp-json\/wp\/v2\/activity_type?post=6969"}],"curies":[{"name":"wp","href":"https:\/\/api.w.org\/{rel}","templated":true}]}}

La prévention en officine dans les maladies chroniques

<p>Différents projets-pilotes subsidiés par l’INAMI (projets INTEGREO) ont vu le jour en Wallonie. Le dépistage diabète et la révision médicamenteuse font partie des services proposés par les pharmacies participantes. Où en sont ces projets ? Quelle est la plus-value pour les patients, pour le pharmacien et la société ?</p>
<p>Des pharmaciens impliqués dans les différents projets viendront vous en parler.</p>

La prévention en officine dans les maladies chroniques - Pharma forum

Différents projets-pilotes subsidiés par l’INAMI (projets INTEGREO) ont vu le jour en Wallonie. Le dépistage diabète et la révision médicamenteuse font partie des services proposés par les pharmacies participantes. Où en sont ces projets ? Quelle est la plus-value pour les patients, pour le pharmacien et la société ?
Des pharmaciens impliqués dans les différents projets viendront vous en parler.
