{"id":15858,"date":"2023-03-14T18:19:10","date_gmt":"2023-03-14T17:19:10","guid":{"rendered":"https:\/\/www.pharmaforum.be\/exhibitor\/conceptexpo-pharma-2\/"},"modified":"2023-09-19T11:49:59","modified_gmt":"2023-09-19T09:49:59","slug":"conceptexpo-pharma","status":"publish","type":"exhibitor","link":"https:\/\/www.pharmaforum.be\/fr\/exhibitor\/conceptexpo-pharma\/","title":{"rendered":"Conceptexpo Pharma"},"content":{"rendered":"<p>Un am\u00e9nagement de pharmacie r\u00e9alis\u00e9 par Conceptexpo ne se limite pas \u00e0 un projet de d\u00e9coration ou de \u2018relooking\u2019, il est bien plus ambitieux. Il signifie une \u2018conceptualisation\u2019 totale de l\u2019espace afin d\u2019augmenter la rentabilit\u00e9 de l\u2019officine, le service \u00e0 la patient\u00e8le et le confort du personne.<\/p>\n<p>\u00c9tape apr\u00e8s \u00e9tape, notre expertise vous garantit la r\u00e9alisation ma\u00eetris\u00e9e d&#8217;un projet performant :<\/p>\n<p>\u2022 20 ans d&#8217;exp\u00e9rience<br \/>\n\u2022  Ma\u00eetrise 100% interne de votre projet : nos experts travaillent ensemble pour imaginer le design de votre espace, mais aussi<br \/>\npour le cr\u00e9er, l&#8217;assembler, le d\u00e9corer\u2026<br \/>\n\u2022 \u00c9tude d&#8217;optimisation de l&#8217;espace : analyse de la patient\u00e8le, d\u00e9finition des zones, signal\u00e9tique, plan de circulation, organisation du back office, solutions techniques innovantes\u2026<br \/>\n\u2022 Design personnalis\u00e9 : recherche esth\u00e9tique, ambiance et mat\u00e9riaux de votre choix<br \/>\n\u2022 Visualisation 3D hyperr\u00e9aliste<br \/>\n\u2022 Coordination compl\u00e8te de A \u00e0 Z<br \/>\n\u2022 D\u00e9lai de r\u00e9alisation contr\u00f4l\u00e9<br \/>\n\u2022 Respect de votre budget<br \/>\n\u2022 Des r\u00e9sultats imm\u00e9diats : augmentation du chiffre et de la rentabilit\u00e9, un espace plus accueillant pour vos clients, plus de confort et d&#8217;ergonomie pour le personnel<\/p>\n<p>Ces derni\u00e8res ann\u00e9es, une centaine de vos 100 confr\u00e8res nous ont confi\u00e9 l&#8217;am\u00e9nagement de leur officine.<\/p>\n","protected":false},"excerpt":{"rendered":"<p>Un am\u00e9nagement de pharmacie r\u00e9alis\u00e9 par Conceptexpo ne se limite pas \u00e0 un projet de d\u00e9coration ou de \u2018relooking\u2019, il est bien plus ambitieux. Il signifie une \u2018conceptualisation\u2019 totale de l\u2019espace afin d\u2019augmenter la rentabilit\u00e9 de l\u2019officine, le service \u00e0 la patient\u00e8le et le confort du personne. \u00c9tape apr\u00e8s \u00e9tape, notre expertise vous garantit la [&hellip;]<\/p>\n","protected":false},"featured_media":17220,"template":"","meta":{"_seopress_robots_primary_cat":"","_seopress_titles_title":"","_seopress_titles_desc":"","_seopress_robots_index":"","_api_id":"144374","_stand_number":"1208","_partner_id":"24unoebmp3a8f","_package_code":"00-EASY-EASYGO25-200","_website":"http:\/\/www.conceptexpo-pharma.com\/","_email":"vst@conceptexpo.com","_facebook":"https:\/\/www.facebook.com\/conceptexpopharma","_linkedin":"","_twitter":"","_instagram":"https:\/\/www.instagram.com\/conceptexpopharma\/?hl=fr","_zipcode":"1300","_town":"WAVRE","_video_banner":"","_floorplan_url":"","footnotes":""},"edition":[451],"country":[41],"exhibitor-category":[452],"class_list":["post-15858","exhibitor","type-exhibitor","status-publish","has-post-thumbnail","hentry","edition-pharma-forum-2023","country-be","exhibitor-category-amenagement-dofficine-16356"],"_logo":null,"_cover_image":null,"_thumbnail_id":17220,"_products":[{"href":"https:\/\/www.pharmaforum.be\/fr\/wp-json\/wp\/v2\/products\/17250"},{"href":"https:\/\/www.pharmaforum.be\/fr\/wp-json\/wp\/v2\/products\/17239"},{"href":"https:\/\/www.pharmaforum.be\/fr\/wp-json\/wp\/v2\/products\/17222"}],"_news":[],"_jobs":[],"_links":{"self":[{"href":"https:\/\/www.pharmaforum.be\/fr\/wp-json\/wp\/v2\/exhibitor\/15858","targetHints":{"allow":["GET"]}}],"collection":[{"href":"https:\/\/www.pharmaforum.be\/fr\/wp-json\/wp\/v2\/exhibitor"}],"about":[{"href":"https:\/\/www.pharmaforum.be\/fr\/wp-json\/wp\/v2\/types\/exhibitor"}],"version-history":[{"count":4,"href":"https:\/\/www.pharmaforum.be\/fr\/wp-json\/wp\/v2\/exhibitor\/15858\/revisions"}],"predecessor-version":[{"id":21742,"href":"https:\/\/www.pharmaforum.be\/fr\/wp-json\/wp\/v2\/exhibitor\/15858\/revisions\/21742"}],"wp:featuredmedia":[{"embeddable":true,"href":"https:\/\/www.pharmaforum.be\/fr\/wp-json\/wp\/v2\/media\/17220"}],"wp:attachment":[{"href":"https:\/\/www.pharmaforum.be\/fr\/wp-json\/wp\/v2\/media?parent=15858"}],"wp:term":[{"taxonomy":"edition","embeddable":true,"href":"https:\/\/www.pharmaforum.be\/fr\/wp-json\/wp\/v2\/edition?post=15858"},{"taxonomy":"country","embeddable":true,"href":"https:\/\/www.pharmaforum.be\/fr\/wp-json\/wp\/v2\/country?post=15858"},{"taxonomy":"exhibitor-category","embeddable":true,"href":"https:\/\/www.pharmaforum.be\/fr\/wp-json\/wp\/v2\/exhibitor-category?post=15858"}],"curies":[{"name":"wp","href":"https:\/\/api.w.org\/{rel}","templated":true}]}}

<p>Un aménagement de pharmacie réalisé par Conceptexpo ne se limite pas à un projet de décoration ou de ‘relooking’, il est bien plus ambitieux. Il signifie une ‘conceptualisation’ totale de l’espace afin d’augmenter la rentabilité de l’officine, le service à la patientèle et le confort du personne.</p>
<p>Étape après étape, notre expertise vous garantit la réalisation maîtrisée d&#8217;un projet performant :</p>
<p>• 20 ans d&#8217;expérience<br />
•  Maîtrise 100% interne de votre projet : nos experts travaillent ensemble pour imaginer le design de votre espace, mais aussi<br />
pour le créer, l&#8217;assembler, le décorer…<br />
• Étude d&#8217;optimisation de l&#8217;espace : analyse de la patientèle, définition des zones, signalétique, plan de circulation, organisation du back office, solutions techniques innovantes…<br />
• Design personnalisé : recherche esthétique, ambiance et matériaux de votre choix<br />
• Visualisation 3D hyperréaliste<br />
• Coordination complète de A à Z<br />
• Délai de réalisation contrôlé<br />
• Respect de votre budget<br />
• Des résultats immédiats : augmentation du chiffre et de la rentabilité, un espace plus accueillant pour vos clients, plus de confort et d&#8217;ergonomie pour le personnel</p>
<p>Ces dernières années, une centaine de vos 100 confrères nous ont confié l&#8217;aménagement de leur officine.</p>

<p>Un aménagement de pharmacie réalisé par Conceptexpo ne se limite pas à un projet de décoration ou de ‘relooking’, il est bien plus ambitieux. Il signifie une ‘conceptualisation’ totale de l’espace afin d’augmenter la rentabilité de l’officine, le service à la patientèle et le confort du personne. Étape après étape, notre expertise vous garantit la [&hellip;]</p>
