{"id":15886,"date":"2023-03-14T18:19:28","date_gmt":"2023-03-14T17:19:28","guid":{"rendered":"https:\/\/www.pharmaforum.be\/exhibitor\/ophaco\/"},"modified":"2023-07-11T14:58:02","modified_gmt":"2023-07-11T12:58:02","slug":"ophaco","status":"publish","type":"exhibitor","link":"https:\/\/www.pharmaforum.be\/fr\/exhibitor\/ophaco\/","title":{"rendered":"Ophaco"},"content":{"rendered":"<p>L\u2019OPHACO \u2013 l\u2019Office des Pharmacies Coop\u00e9ratives de Belgique \u2013 est l\u2019union professionnelle nationale des pharmacies et grossistes-r\u00e9partiteurs, regroup\u00e9s en soci\u00e9t\u00e9s coop\u00e9ratives, offrant une expertise dans tous les domaines qui touchent, de pr\u00e8s ou de loin, le monde de la pharmacie et qui \u0153uvre \u00e0 la d\u00e9fense des int\u00e9r\u00eats de ses membres et du secteur. L\u2019OPHACO a \u00e0 c\u0153ur de promouvoir une offre de soins pharmaceutique de qualit\u00e9, abordable et innovante au sein de ses soci\u00e9t\u00e9s membres qui adh\u00e8rent aux valeurs et principes de la responsabilit\u00e9 sociale et soci\u00e9tale des entreprises.<\/p>\n","protected":false},"excerpt":{"rendered":"<p>L\u2019OPHACO \u2013 l\u2019Office des Pharmacies Coop\u00e9ratives de Belgique \u2013 est l\u2019union professionnelle nationale des pharmacies et grossistes-r\u00e9partiteurs, regroup\u00e9s en soci\u00e9t\u00e9s coop\u00e9ratives, offrant une expertise dans tous les domaines qui touchent, de pr\u00e8s ou de loin, le monde de la pharmacie et qui \u0153uvre \u00e0 la d\u00e9fense des int\u00e9r\u00eats de ses membres et du secteur. L\u2019OPHACO [&hellip;]<\/p>\n","protected":false},"featured_media":0,"template":"","meta":{"_seopress_robots_primary_cat":"","_seopress_titles_title":"","_seopress_titles_desc":"","_seopress_robots_index":"","_api_id":"149272","_stand_number":"1313","_partner_id":"0anl93fosey39","_package_code":"00-EASY-EASYGO25-200","_website":"https:\/\/www.ophaco.org","_email":"s.janssens@ophaco.org","_facebook":"","_linkedin":"","_twitter":"","_instagram":"","_zipcode":"1070","_town":"Anderlecht","_video_banner":"","_floorplan_url":"","footnotes":""},"edition":[451],"country":[41],"exhibitor-category":[472,472],"class_list":["post-15886","exhibitor","type-exhibitor","status-publish","hentry","edition-pharma-forum-2023","country-be","exhibitor-category-federations-et-organismes-16324"],"_logo":16220,"_cover_image":null,"_thumbnail_id":null,"_products":[],"_news":[],"_jobs":[],"_links":{"self":[{"href":"https:\/\/www.pharmaforum.be\/fr\/wp-json\/wp\/v2\/exhibitor\/15886","targetHints":{"allow":["GET"]}}],"collection":[{"href":"https:\/\/www.pharmaforum.be\/fr\/wp-json\/wp\/v2\/exhibitor"}],"about":[{"href":"https:\/\/www.pharmaforum.be\/fr\/wp-json\/wp\/v2\/types\/exhibitor"}],"version-history":[{"count":1,"href":"https:\/\/www.pharmaforum.be\/fr\/wp-json\/wp\/v2\/exhibitor\/15886\/revisions"}],"predecessor-version":[{"id":17318,"href":"https:\/\/www.pharmaforum.be\/fr\/wp-json\/wp\/v2\/exhibitor\/15886\/revisions\/17318"}],"wp:attachment":[{"href":"https:\/\/www.pharmaforum.be\/fr\/wp-json\/wp\/v2\/media?parent=15886"}],"wp:term":[{"taxonomy":"edition","embeddable":true,"href":"https:\/\/www.pharmaforum.be\/fr\/wp-json\/wp\/v2\/edition?post=15886"},{"taxonomy":"country","embeddable":true,"href":"https:\/\/www.pharmaforum.be\/fr\/wp-json\/wp\/v2\/country?post=15886"},{"taxonomy":"exhibitor-category","embeddable":true,"href":"https:\/\/www.pharmaforum.be\/fr\/wp-json\/wp\/v2\/exhibitor-category?post=15886"}],"curies":[{"name":"wp","href":"https:\/\/api.w.org\/{rel}","templated":true}]}}

<p>L’OPHACO – l’Office des Pharmacies Coopératives de Belgique – est l’union professionnelle nationale des pharmacies et grossistes-répartiteurs, regroupés en sociétés coopératives, offrant une expertise dans tous les domaines qui touchent, de près ou de loin, le monde de la pharmacie et qui œuvre à la défense des intérêts de ses membres et du secteur. L’OPHACO a à cœur de promouvoir une offre de soins pharmaceutique de qualité, abordable et innovante au sein de ses sociétés membres qui adhèrent aux valeurs et principes de la responsabilité sociale et sociétale des entreprises.</p>

<p>L’OPHACO – l’Office des Pharmacies Coopératives de Belgique – est l’union professionnelle nationale des pharmacies et grossistes-répartiteurs, regroupés en sociétés coopératives, offrant une expertise dans tous les domaines qui touchent, de près ou de loin, le monde de la pharmacie et qui œuvre à la défense des intérêts de ses membres et du secteur. L’OPHACO [&hellip;]</p>
