{"id":15888,"date":"2023-03-14T18:19:29","date_gmt":"2023-03-14T17:19:29","guid":{"rendered":"https:\/\/www.pharmaforum.be\/exhibitor\/pharmadecor-2\/"},"modified":"2023-09-21T15:21:41","modified_gmt":"2023-09-21T13:21:41","slug":"pharmadecor","status":"publish","type":"exhibitor","link":"https:\/\/www.pharmaforum.be\/fr\/exhibitor\/pharmadecor\/","title":{"rendered":"Pharmad\u00e9cor"},"content":{"rendered":"<p>Pharmadecor est connu pour la qualit\u00e9 et l&#8217;innovation et la durabilit\u00e9 de ses r\u00e9alisations.<br \/>\nNous vous proposons nos services de la conception jusqu&#8217;\u00e0 la r\u00e9alisation. Qu&#8217;il s&#8217;agisse d&#8217;une petite intervention ou d&#8217;un agencement total, nous sommes toujours \u00e0 l&#8217;\u00e9coute de vos souhaits. Tout en tenant compte de votre budget, nous vous cr\u00e9ons un int\u00e9rieur personnalis\u00e9, fonctionnel et unique.<\/p>\n","protected":false},"excerpt":{"rendered":"<p>Pharmadecor est connu pour la qualit\u00e9 et l&#8217;innovation et la durabilit\u00e9 de ses r\u00e9alisations. Nous vous proposons nos services de la conception jusqu&#8217;\u00e0 la r\u00e9alisation. Qu&#8217;il s&#8217;agisse d&#8217;une petite intervention ou d&#8217;un agencement total, nous sommes toujours \u00e0 l&#8217;\u00e9coute de vos souhaits. Tout en tenant compte de votre budget, nous vous cr\u00e9ons un int\u00e9rieur personnalis\u00e9, [&hellip;]<\/p>\n","protected":false},"featured_media":21897,"template":"","meta":{"_seopress_robots_primary_cat":"","_seopress_titles_title":"","_seopress_titles_desc":"","_seopress_robots_index":"","_api_id":"141169","_stand_number":"1108","_partner_id":"0auvkssdckt1z","_package_code":"00-EASY-EASYGO25-200","_website":"https:\/\/www.pharmadecor.be\/","_email":"cvo@van-overstraeten.be","_facebook":"https:\/\/www.facebook.com\/pharmadecor\/","_linkedin":"https:\/\/www.linkedin.com\/company\/pharma-decor?originalSubdomain=be","_twitter":"","_instagram":"https:\/\/www.instagram.com\/pharmadecor\/","_zipcode":"1602","_town":"Sint-Pieters-Leeuw","_video_banner":"","_floorplan_url":"","footnotes":""},"edition":[451],"country":[41],"exhibitor-category":[452],"class_list":["post-15888","exhibitor","type-exhibitor","status-publish","has-post-thumbnail","hentry","edition-pharma-forum-2023","country-be","exhibitor-category-amenagement-dofficine-16356"],"_logo":null,"_cover_image":null,"_thumbnail_id":21897,"_products":[{"href":"https:\/\/www.pharmaforum.be\/fr\/wp-json\/wp\/v2\/products\/21899"},{"href":"https:\/\/www.pharmaforum.be\/fr\/wp-json\/wp\/v2\/products\/21833"},{"href":"https:\/\/www.pharmaforum.be\/fr\/wp-json\/wp\/v2\/products\/21829"},{"href":"https:\/\/www.pharmaforum.be\/fr\/wp-json\/wp\/v2\/products\/21831"},{"href":"https:\/\/www.pharmaforum.be\/fr\/wp-json\/wp\/v2\/products\/21823"},{"href":"https:\/\/www.pharmaforum.be\/fr\/wp-json\/wp\/v2\/products\/21825"},{"href":"https:\/\/www.pharmaforum.be\/fr\/wp-json\/wp\/v2\/products\/21815"},{"href":"https:\/\/www.pharmaforum.be\/fr\/wp-json\/wp\/v2\/products\/21819"},{"href":"https:\/\/www.pharmaforum.be\/fr\/wp-json\/wp\/v2\/products\/21821"},{"href":"https:\/\/www.pharmaforum.be\/fr\/wp-json\/wp\/v2\/products\/21811"},{"href":"https:\/\/www.pharmaforum.be\/fr\/wp-json\/wp\/v2\/products\/21813"},{"href":"https:\/\/www.pharmaforum.be\/fr\/wp-json\/wp\/v2\/products\/21793"}],"_news":[{"href":"https:\/\/www.pharmaforum.be\/fr\/wp-json\/wp\/v2\/news\/21837"}],"_jobs":[{"href":"https:\/\/www.pharmaforum.be\/fr\/wp-json\/wp\/v2\/job\/21839"}],"_links":{"self":[{"href":"https:\/\/www.pharmaforum.be\/fr\/wp-json\/wp\/v2\/exhibitor\/15888","targetHints":{"allow":["GET"]}}],"collection":[{"href":"https:\/\/www.pharmaforum.be\/fr\/wp-json\/wp\/v2\/exhibitor"}],"about":[{"href":"https:\/\/www.pharmaforum.be\/fr\/wp-json\/wp\/v2\/types\/exhibitor"}],"version-history":[{"count":1,"href":"https:\/\/www.pharmaforum.be\/fr\/wp-json\/wp\/v2\/exhibitor\/15888\/revisions"}],"predecessor-version":[{"id":16040,"href":"https:\/\/www.pharmaforum.be\/fr\/wp-json\/wp\/v2\/exhibitor\/15888\/revisions\/16040"}],"wp:featuredmedia":[{"embeddable":true,"href":"https:\/\/www.pharmaforum.be\/fr\/wp-json\/wp\/v2\/media\/21897"}],"wp:attachment":[{"href":"https:\/\/www.pharmaforum.be\/fr\/wp-json\/wp\/v2\/media?parent=15888"}],"wp:term":[{"taxonomy":"edition","embeddable":true,"href":"https:\/\/www.pharmaforum.be\/fr\/wp-json\/wp\/v2\/edition?post=15888"},{"taxonomy":"country","embeddable":true,"href":"https:\/\/www.pharmaforum.be\/fr\/wp-json\/wp\/v2\/country?post=15888"},{"taxonomy":"exhibitor-category","embeddable":true,"href":"https:\/\/www.pharmaforum.be\/fr\/wp-json\/wp\/v2\/exhibitor-category?post=15888"}],"curies":[{"name":"wp","href":"https:\/\/api.w.org\/{rel}","templated":true}]}}

Pharmadécor

<p>Pharmadecor est connu pour la qualité et l&#8217;innovation et la durabilité de ses réalisations.<br />
Nous vous proposons nos services de la conception jusqu&#8217;à la réalisation. Qu&#8217;il s&#8217;agisse d&#8217;une petite intervention ou d&#8217;un agencement total, nous sommes toujours à l&#8217;écoute de vos souhaits. Tout en tenant compte de votre budget, nous vous créons un intérieur personnalisé, fonctionnel et unique.</p>

<p>Pharmadecor est connu pour la qualité et l&#8217;innovation et la durabilité de ses réalisations. Nous vous proposons nos services de la conception jusqu&#8217;à la réalisation. Qu&#8217;il s&#8217;agisse d&#8217;une petite intervention ou d&#8217;un agencement total, nous sommes toujours à l&#8217;écoute de vos souhaits. Tout en tenant compte de votre budget, nous vous créons un intérieur personnalisé, [&hellip;]</p>
