{"id":17599,"date":"2023-05-25T16:51:05","date_gmt":"2023-05-25T14:51:05","guid":{"rendered":"https:\/\/www.pharmaforum.be\/exhibitor\/pharma-rh\/"},"modified":"2023-08-07T14:58:36","modified_gmt":"2023-08-07T12:58:36","slug":"pharma-rh","status":"publish","type":"exhibitor","link":"https:\/\/www.pharmaforum.be\/fr\/exhibitor\/pharma-rh\/","title":{"rendered":"Pharma RH"},"content":{"rendered":"<p>Service de gestion administrative du personnel en lien avec un secr\u00e9tariat social agr\u00e9\u00e9 et d\u00e9di\u00e9 exclusivement aux pharmaciens.<\/p>\n","protected":false},"excerpt":{"rendered":"<p>Service de gestion administrative du personnel en lien avec un secr\u00e9tariat social agr\u00e9\u00e9 et d\u00e9di\u00e9 exclusivement aux pharmaciens.<\/p>\n","protected":false},"featured_media":0,"template":"","meta":{"_seopress_robots_primary_cat":"","_seopress_titles_title":"","_seopress_titles_desc":"","_seopress_robots_index":"","_api_id":"161103","_stand_number":"1207","_partner_id":"2q1ycavu58nv1","_package_code":"00-EASY-EASYGO25-200","_website":"https:\/\/www.apnl.be","_email":"carl.moens@apnl.be","_facebook":"","_linkedin":"","_twitter":"","_instagram":"","_zipcode":"5000","_town":"Namur","_video_banner":"","_floorplan_url":"","footnotes":""},"edition":[451],"country":[41],"exhibitor-category":[472],"class_list":["post-17599","exhibitor","type-exhibitor","status-publish","hentry","edition-pharma-forum-2023","country-be","exhibitor-category-federations-et-organismes-16324"],"_logo":20294,"_cover_image":null,"_thumbnail_id":null,"_products":[],"_news":[],"_jobs":[],"_links":{"self":[{"href":"https:\/\/www.pharmaforum.be\/fr\/wp-json\/wp\/v2\/exhibitor\/17599","targetHints":{"allow":["GET"]}}],"collection":[{"href":"https:\/\/www.pharmaforum.be\/fr\/wp-json\/wp\/v2\/exhibitor"}],"about":[{"href":"https:\/\/www.pharmaforum.be\/fr\/wp-json\/wp\/v2\/types\/exhibitor"}],"version-history":[{"count":2,"href":"https:\/\/www.pharmaforum.be\/fr\/wp-json\/wp\/v2\/exhibitor\/17599\/revisions"}],"predecessor-version":[{"id":20292,"href":"https:\/\/www.pharmaforum.be\/fr\/wp-json\/wp\/v2\/exhibitor\/17599\/revisions\/20292"}],"wp:attachment":[{"href":"https:\/\/www.pharmaforum.be\/fr\/wp-json\/wp\/v2\/media?parent=17599"}],"wp:term":[{"taxonomy":"edition","embeddable":true,"href":"https:\/\/www.pharmaforum.be\/fr\/wp-json\/wp\/v2\/edition?post=17599"},{"taxonomy":"country","embeddable":true,"href":"https:\/\/www.pharmaforum.be\/fr\/wp-json\/wp\/v2\/country?post=17599"},{"taxonomy":"exhibitor-category","embeddable":true,"href":"https:\/\/www.pharmaforum.be\/fr\/wp-json\/wp\/v2\/exhibitor-category?post=17599"}],"curies":[{"name":"wp","href":"https:\/\/api.w.org\/{rel}","templated":true}]}}

<p>Service de gestion administrative du personnel en lien avec un secrétariat social agréé et dédié exclusivement aux pharmaciens.</p>
