{"id":17665,"date":"2023-05-26T16:50:40","date_gmt":"2023-05-26T14:50:40","guid":{"rendered":"https:\/\/www.pharmaforum.be\/exhibitor\/bossuyt-pharma-interiors-2\/"},"modified":"2023-07-20T15:46:15","modified_gmt":"2023-07-20T13:46:15","slug":"bossuyt-pharma-interiors","status":"publish","type":"exhibitor","link":"https:\/\/www.pharmaforum.be\/fr\/exhibitor\/bossuyt-pharma-interiors\/","title":{"rendered":"Bossuyt Pharma Interiors"},"content":{"rendered":"<p>Bossuyt vous assiste, en tant que prestataire de soins et entrepreneur, dans le d\u00e9veloppement et la mise en \u0153uvre de votre concept de pharmacie unique. Avec une \u00e9quipe de plus de 100 professionnels r\u00e9partis sur 2 sites, nous concevons, r\u00e9alisons et installons des concepts globaux.<\/p>\n","protected":false},"excerpt":{"rendered":"<p>Bossuyt vous assiste, en tant que prestataire de soins et entrepreneur, dans le d\u00e9veloppement et la mise en \u0153uvre de votre concept de pharmacie unique. Avec une \u00e9quipe de plus de 100 professionnels r\u00e9partis sur 2 sites, nous concevons, r\u00e9alisons et installons des concepts globaux.<\/p>\n","protected":false},"featured_media":0,"template":"","meta":{"_seopress_robots_primary_cat":"","_seopress_titles_title":"","_seopress_titles_desc":"","_seopress_robots_index":"","_api_id":"161163","_stand_number":"1002","_partner_id":"08ochryoaya0g","_package_code":"00-EASY-EASYGO25-200","_website":"https:\/\/www.bossuytshopinteriors.be\/nl\/","_email":"tom@bossuytshopinteriors.be","_facebook":"","_linkedin":"","_twitter":"","_instagram":"","_zipcode":"8520","_town":"Kuurne","_video_banner":"","_floorplan_url":"","footnotes":""},"edition":[451],"country":[41],"exhibitor-category":[452,500,470],"class_list":["post-17665","exhibitor","type-exhibitor","status-publish","hentry","edition-pharma-forum-2023","country-be","exhibitor-category-amenagement-dofficine-16356","exhibitor-category-materiel-de-bureau-16335","exhibitor-category-mobilier-interieur-eclairage-enseigne-16337"],"_logo":null,"_cover_image":null,"_thumbnail_id":null,"_products":[{"href":"https:\/\/www.pharmaforum.be\/fr\/wp-json\/wp\/v2\/products\/19740"}],"_news":[],"_jobs":[],"_links":{"self":[{"href":"https:\/\/www.pharmaforum.be\/fr\/wp-json\/wp\/v2\/exhibitor\/17665","targetHints":{"allow":["GET"]}}],"collection":[{"href":"https:\/\/www.pharmaforum.be\/fr\/wp-json\/wp\/v2\/exhibitor"}],"about":[{"href":"https:\/\/www.pharmaforum.be\/fr\/wp-json\/wp\/v2\/types\/exhibitor"}],"version-history":[{"count":1,"href":"https:\/\/www.pharmaforum.be\/fr\/wp-json\/wp\/v2\/exhibitor\/17665\/revisions"}],"predecessor-version":[{"id":17669,"href":"https:\/\/www.pharmaforum.be\/fr\/wp-json\/wp\/v2\/exhibitor\/17665\/revisions\/17669"}],"wp:attachment":[{"href":"https:\/\/www.pharmaforum.be\/fr\/wp-json\/wp\/v2\/media?parent=17665"}],"wp:term":[{"taxonomy":"edition","embeddable":true,"href":"https:\/\/www.pharmaforum.be\/fr\/wp-json\/wp\/v2\/edition?post=17665"},{"taxonomy":"country","embeddable":true,"href":"https:\/\/www.pharmaforum.be\/fr\/wp-json\/wp\/v2\/country?post=17665"},{"taxonomy":"exhibitor-category","embeddable":true,"href":"https:\/\/www.pharmaforum.be\/fr\/wp-json\/wp\/v2\/exhibitor-category?post=17665"}],"curies":[{"name":"wp","href":"https:\/\/api.w.org\/{rel}","templated":true}]}}

<p>Bossuyt vous assiste, en tant que prestataire de soins et entrepreneur, dans le développement et la mise en œuvre de votre concept de pharmacie unique. Avec une équipe de plus de 100 professionnels répartis sur 2 sites, nous concevons, réalisons et installons des concepts globaux.</p>
