{"id":17928,"date":"2023-06-13T09:50:17","date_gmt":"2023-06-13T07:50:17","guid":{"rendered":"https:\/\/www.pharmaforum.be\/exhibitor\/pharmalife\/"},"modified":"2023-07-11T14:58:22","modified_gmt":"2023-07-11T12:58:22","slug":"pharmalife","status":"publish","type":"exhibitor","link":"https:\/\/www.pharmaforum.be\/fr\/exhibitor\/pharmalife\/","title":{"rendered":"PharmaLife"},"content":{"rendered":"<p>Pharmalife est soci\u00e9t\u00e9 sp\u00e9cialis\u00e9e dans les enseignes lumineuses, croix LED, habillages de vitrines et plaques signal\u00e9tiques.<br \/>\nNous proposons \u00e9galement la r\u00e9alisation de votre logos, cartes de visite, flyers.<br \/>\nR\u00e9pondre de fa\u00e7on optimale \u00e0 vos attentes est notre priorit\u00e9.<br \/>\nPharmalife saura vous orienter au mieux dans vos choix afin d\u2019afficher votre visibilit\u00e9.<\/p>\n","protected":false},"excerpt":{"rendered":"<p>Pharmalife est soci\u00e9t\u00e9 sp\u00e9cialis\u00e9e dans les enseignes lumineuses, croix LED, habillages de vitrines et plaques signal\u00e9tiques. Nous proposons \u00e9galement la r\u00e9alisation de votre logos, cartes de visite, flyers. R\u00e9pondre de fa\u00e7on optimale \u00e0 vos attentes est notre priorit\u00e9. Pharmalife saura vous orienter au mieux dans vos choix afin d\u2019afficher votre visibilit\u00e9.<\/p>\n","protected":false},"featured_media":0,"template":"","meta":{"_seopress_robots_primary_cat":"","_seopress_titles_title":"","_seopress_titles_desc":"","_seopress_robots_index":"","_api_id":"162310","_stand_number":"1327","_partner_id":"044qiq86bjeme","_package_code":"00-EASY-EASYGO25-200","_website":"https:\/\/www.pharmalife-lc.be\/","_email":"j.firquet@pharmalife-lc.be","_facebook":"","_linkedin":"","_twitter":"","_instagram":"","_zipcode":"4452","_town":"Juprelle","_video_banner":"","_floorplan_url":"","footnotes":""},"edition":[451],"country":[41],"exhibitor-category":[452,470],"class_list":["post-17928","exhibitor","type-exhibitor","status-publish","hentry","edition-pharma-forum-2023","country-be","exhibitor-category-amenagement-dofficine-16356","exhibitor-category-mobilier-interieur-eclairage-enseigne-16337"],"_logo":17952,"_cover_image":null,"_thumbnail_id":null,"_products":[{"href":"https:\/\/www.pharmaforum.be\/fr\/wp-json\/wp\/v2\/products\/18388"},{"href":"https:\/\/www.pharmaforum.be\/fr\/wp-json\/wp\/v2\/products\/18373"}],"_news":[],"_jobs":[],"_links":{"self":[{"href":"https:\/\/www.pharmaforum.be\/fr\/wp-json\/wp\/v2\/exhibitor\/17928","targetHints":{"allow":["GET"]}}],"collection":[{"href":"https:\/\/www.pharmaforum.be\/fr\/wp-json\/wp\/v2\/exhibitor"}],"about":[{"href":"https:\/\/www.pharmaforum.be\/fr\/wp-json\/wp\/v2\/types\/exhibitor"}],"version-history":[{"count":2,"href":"https:\/\/www.pharmaforum.be\/fr\/wp-json\/wp\/v2\/exhibitor\/17928\/revisions"}],"predecessor-version":[{"id":17954,"href":"https:\/\/www.pharmaforum.be\/fr\/wp-json\/wp\/v2\/exhibitor\/17928\/revisions\/17954"}],"wp:attachment":[{"href":"https:\/\/www.pharmaforum.be\/fr\/wp-json\/wp\/v2\/media?parent=17928"}],"wp:term":[{"taxonomy":"edition","embeddable":true,"href":"https:\/\/www.pharmaforum.be\/fr\/wp-json\/wp\/v2\/edition?post=17928"},{"taxonomy":"country","embeddable":true,"href":"https:\/\/www.pharmaforum.be\/fr\/wp-json\/wp\/v2\/country?post=17928"},{"taxonomy":"exhibitor-category","embeddable":true,"href":"https:\/\/www.pharmaforum.be\/fr\/wp-json\/wp\/v2\/exhibitor-category?post=17928"}],"curies":[{"name":"wp","href":"https:\/\/api.w.org\/{rel}","templated":true}]}}

<p>Pharmalife est société spécialisée dans les enseignes lumineuses, croix LED, habillages de vitrines et plaques signalétiques.<br />
Nous proposons également la réalisation de votre logos, cartes de visite, flyers.<br />
Répondre de façon optimale à vos attentes est notre priorité.<br />
Pharmalife saura vous orienter au mieux dans vos choix afin d’afficher votre visibilité.</p>

<p>Pharmalife est société spécialisée dans les enseignes lumineuses, croix LED, habillages de vitrines et plaques signalétiques. Nous proposons également la réalisation de votre logos, cartes de visite, flyers. Répondre de façon optimale à vos attentes est notre priorité. Pharmalife saura vous orienter au mieux dans vos choix afin d’afficher votre visibilité.</p>
