{"id":18438,"date":"2023-06-27T11:50:55","date_gmt":"2023-06-27T09:50:55","guid":{"rendered":"https:\/\/www.pharmaforum.be\/exhibitor\/digital-pharma\/"},"modified":"2023-08-24T18:47:58","modified_gmt":"2023-08-24T16:47:58","slug":"digital-pharma","status":"publish","type":"exhibitor","link":"https:\/\/www.pharmaforum.be\/fr\/exhibitor\/digital-pharma\/","title":{"rendered":"Digital Pharma"},"content":{"rendered":"<p>Chez Digital Pharma, nous construisons des sites Web \u00e9volutifs pour les pharmaciens. Notre ambition est de les aider \u00e0 renforcer leur image num\u00e9rique. Nous disposons pour cela de notre propre \u00e9quipe de d\u00e9veloppeurs, de concepteurs, de r\u00e9dacteurs et de personnel d\u2019assistance exp\u00e9riment\u00e9s. Vous remarquerez que nous construisons des sites Web exclusivement pour les pharmaciens. Les fonctionnalit\u00e9s sp\u00e9cifiques de nos sites internet, mais aussi la mani\u00e8re dont vous pouvez nous parler. Nous avons \u00e9t\u00e9 cofond\u00e9s par un pharmacien et avons ainsi une vision unique des besoins (num\u00e9riques) d&#8217;un pharmacien local. Les pieds au milieu du monde de la pharmacie, c&#8217;est l\u00e0 que nous aimons \u00eatre.<\/p>\n<p>Nous sommes une agence num\u00e9rique \u00e0 service complet. En plus d&#8217;un site internet, vous pouvez \u00e9galement nous contacter pour la conception graphique, la photographie professionnelle et la gestion de vos r\u00e9seaux sociaux.<\/p>\n<p>Votre pharmacie aurait-elle besoin d&#8217;aide pour cela\u00a0?<\/p>\n","protected":false},"excerpt":{"rendered":"<p>Chez Digital Pharma, nous construisons des sites Web \u00e9volutifs pour les pharmaciens. Notre ambition est de les aider \u00e0 renforcer leur image num\u00e9rique. Nous disposons pour cela de notre propre \u00e9quipe de d\u00e9veloppeurs, de concepteurs, de r\u00e9dacteurs et de personnel d\u2019assistance exp\u00e9riment\u00e9s. Vous remarquerez que nous construisons des sites Web exclusivement pour les pharmaciens. Les [&hellip;]<\/p>\n","protected":false},"featured_media":0,"template":"","meta":{"_seopress_robots_primary_cat":"","_seopress_titles_title":"","_seopress_titles_desc":"","_seopress_robots_index":"","_api_id":"163146","_stand_number":"1317","_partner_id":"04a8ja9qydwkb","_package_code":"00-EASY-EASYGO25-200","_website":"https:\/\/digital-pharma.be","_email":"mail@digital-pharma.be","_facebook":"https:\/\/www.facebook.com\/digitalpharma.be","_linkedin":"","_twitter":"","_instagram":"https:\/\/www.instagram.com\/digitalpharma_be\/","_zipcode":"3600","_town":"Genk","_video_banner":"","_floorplan_url":"","footnotes":""},"edition":[451],"country":[41],"exhibitor-category":[454,456],"class_list":["post-18438","exhibitor","type-exhibitor","status-publish","hentry","edition-pharma-forum-2023","country-be","exhibitor-category-bases-de-donnees-16317","exhibitor-category-conception-dapplications-medicales-et-logiciels-16319"],"_logo":20834,"_cover_image":null,"_thumbnail_id":null,"_products":[],"_news":[],"_jobs":[],"_links":{"self":[{"href":"https:\/\/www.pharmaforum.be\/fr\/wp-json\/wp\/v2\/exhibitor\/18438","targetHints":{"allow":["GET"]}}],"collection":[{"href":"https:\/\/www.pharmaforum.be\/fr\/wp-json\/wp\/v2\/exhibitor"}],"about":[{"href":"https:\/\/www.pharmaforum.be\/fr\/wp-json\/wp\/v2\/types\/exhibitor"}],"version-history":[{"count":2,"href":"https:\/\/www.pharmaforum.be\/fr\/wp-json\/wp\/v2\/exhibitor\/18438\/revisions"}],"predecessor-version":[{"id":20832,"href":"https:\/\/www.pharmaforum.be\/fr\/wp-json\/wp\/v2\/exhibitor\/18438\/revisions\/20832"}],"wp:attachment":[{"href":"https:\/\/www.pharmaforum.be\/fr\/wp-json\/wp\/v2\/media?parent=18438"}],"wp:term":[{"taxonomy":"edition","embeddable":true,"href":"https:\/\/www.pharmaforum.be\/fr\/wp-json\/wp\/v2\/edition?post=18438"},{"taxonomy":"country","embeddable":true,"href":"https:\/\/www.pharmaforum.be\/fr\/wp-json\/wp\/v2\/country?post=18438"},{"taxonomy":"exhibitor-category","embeddable":true,"href":"https:\/\/www.pharmaforum.be\/fr\/wp-json\/wp\/v2\/exhibitor-category?post=18438"}],"curies":[{"name":"wp","href":"https:\/\/api.w.org\/{rel}","templated":true}]}}

<p>Chez Digital Pharma, nous construisons des sites Web évolutifs pour les pharmaciens. Notre ambition est de les aider à renforcer leur image numérique. Nous disposons pour cela de notre propre équipe de développeurs, de concepteurs, de rédacteurs et de personnel d’assistance expérimentés. Vous remarquerez que nous construisons des sites Web exclusivement pour les pharmaciens. Les fonctionnalités spécifiques de nos sites internet, mais aussi la manière dont vous pouvez nous parler. Nous avons été cofondés par un pharmacien et avons ainsi une vision unique des besoins (numériques) d&#8217;un pharmacien local. Les pieds au milieu du monde de la pharmacie, c&#8217;est là que nous aimons être.</p>
<p>Nous sommes une agence numérique à service complet. En plus d&#8217;un site internet, vous pouvez également nous contacter pour la conception graphique, la photographie professionnelle et la gestion de vos réseaux sociaux.</p>
<p>Votre pharmacie aurait-elle besoin d&#8217;aide pour cela ?</p>

<p>Chez Digital Pharma, nous construisons des sites Web évolutifs pour les pharmaciens. Notre ambition est de les aider à renforcer leur image numérique. Nous disposons pour cela de notre propre équipe de développeurs, de concepteurs, de rédacteurs et de personnel d’assistance expérimentés. Vous remarquerez que nous construisons des sites Web exclusivement pour les pharmaciens. Les [&hellip;]</p>
