{"id":22020,"date":"2023-10-17T11:50:19","date_gmt":"2023-10-17T09:50:19","guid":{"rendered":"https:\/\/www.pharmaforum.be\/exhibitor\/plateforme-de-premiere-ligne-wallonne\/"},"modified":"2023-11-03T16:41:00","modified_gmt":"2023-11-03T15:41:00","slug":"plateforme-de-premiere-ligne-wallonne","status":"publish","type":"exhibitor","link":"https:\/\/www.pharmaforum.be\/fr\/exhibitor\/plateforme-de-premiere-ligne-wallonne\/","title":{"rendered":"Plateforme de Premi\u00e8re Ligne Wallonne"},"content":{"rendered":"<p>La PPLW, la plateforme de concertation interprofessionnelle wallonne.<br \/>\nLa PPLW &#8211; Plateforme de Premi\u00e8re Ligne Wallonne asbl &#8211;<br \/>\nconcr\u00e9tise la volont\u00e9 des professionnels de sant\u00e9 de premi\u00e8re ligne de se f\u00e9d\u00e9rer, en vue d&#8217;am\u00e9liorer la prise en charge multidisciplinaire des patients.<br \/>\nla PPLW regroupe les f\u00e9d\u00e9rations des professionnels de premi\u00e8re ligne de soins de sant\u00e9 et d\u2019aide de Wallonie.<br \/>\nElle rassemble ces m\u00e9tiers intervenant de fa\u00e7on multidisciplinaire en ambulatoire dans le parcours de vie du patient.<br \/>\nElle vise \u00e0 promouvoir le d\u00e9cloisonnement des pratiques et une coordination efficiente.<br \/>\nElle intensifie la communication en vue d\u2019\u00e9tablir un partenariat durable et respectueux entre tous les acteurs de soins qui la composent et les citoyens.<br \/>\nElle se veut \u00eatre un interlocuteur de r\u00e9f\u00e9rence des pouvoirs publics pour tout sujet concernant la premi\u00e8re ligne de soins.<br \/>\nDans la poursuite de son objet social, la PPLW porte un important projet de formation en e-Sant\u00e9 des professionnels de sant\u00e9 en Wallonie<\/p>\n","protected":false},"excerpt":{"rendered":"<p>La PPLW, la plateforme de concertation interprofessionnelle wallonne. La PPLW &#8211; Plateforme de Premi\u00e8re Ligne Wallonne asbl &#8211; concr\u00e9tise la volont\u00e9 des professionnels de sant\u00e9 de premi\u00e8re ligne de se f\u00e9d\u00e9rer, en vue d&#8217;am\u00e9liorer la prise en charge multidisciplinaire des patients. la PPLW regroupe les f\u00e9d\u00e9rations des professionnels de premi\u00e8re ligne de soins de sant\u00e9 [&hellip;]<\/p>\n","protected":false},"featured_media":0,"template":"","meta":{"_seopress_robots_primary_cat":"","_seopress_titles_title":"","_seopress_titles_desc":"","_seopress_robots_index":"","_api_id":"169382","_stand_number":"1305","_partner_id":"1r4oqheigwimn","_package_code":"00-EASY-EASYGO25-200","_website":"https:\/\/www.pplw.be","_email":"justine.vignola@pplw.be","_facebook":"","_linkedin":"","_twitter":"","_instagram":"","_zipcode":"5000","_town":"Namur","_video_banner":"","_floorplan_url":"","footnotes":""},"edition":[451],"country":[41],"exhibitor-category":[472],"class_list":["post-22020","exhibitor","type-exhibitor","status-publish","hentry","edition-pharma-forum-2023","country-be","exhibitor-category-federations-et-organismes-16324"],"_logo":19599,"_cover_image":null,"_thumbnail_id":null,"_products":[{"href":"https:\/\/www.pharmaforum.be\/fr\/wp-json\/wp\/v2\/products\/22024"}],"_news":[],"_jobs":[],"_links":{"self":[{"href":"https:\/\/www.pharmaforum.be\/fr\/wp-json\/wp\/v2\/exhibitor\/22020","targetHints":{"allow":["GET"]}}],"collection":[{"href":"https:\/\/www.pharmaforum.be\/fr\/wp-json\/wp\/v2\/exhibitor"}],"about":[{"href":"https:\/\/www.pharmaforum.be\/fr\/wp-json\/wp\/v2\/types\/exhibitor"}],"version-history":[{"count":1,"href":"https:\/\/www.pharmaforum.be\/fr\/wp-json\/wp\/v2\/exhibitor\/22020\/revisions"}],"predecessor-version":[{"id":22022,"href":"https:\/\/www.pharmaforum.be\/fr\/wp-json\/wp\/v2\/exhibitor\/22020\/revisions\/22022"}],"wp:attachment":[{"href":"https:\/\/www.pharmaforum.be\/fr\/wp-json\/wp\/v2\/media?parent=22020"}],"wp:term":[{"taxonomy":"edition","embeddable":true,"href":"https:\/\/www.pharmaforum.be\/fr\/wp-json\/wp\/v2\/edition?post=22020"},{"taxonomy":"country","embeddable":true,"href":"https:\/\/www.pharmaforum.be\/fr\/wp-json\/wp\/v2\/country?post=22020"},{"taxonomy":"exhibitor-category","embeddable":true,"href":"https:\/\/www.pharmaforum.be\/fr\/wp-json\/wp\/v2\/exhibitor-category?post=22020"}],"curies":[{"name":"wp","href":"https:\/\/api.w.org\/{rel}","templated":true}]}}

Plateforme de Première Ligne Wallonne

<p>La PPLW, la plateforme de concertation interprofessionnelle wallonne.<br />
La PPLW &#8211; Plateforme de Première Ligne Wallonne asbl &#8211;<br />
concrétise la volonté des professionnels de santé de première ligne de se fédérer, en vue d&#8217;améliorer la prise en charge multidisciplinaire des patients.<br />
la PPLW regroupe les fédérations des professionnels de première ligne de soins de santé et d’aide de Wallonie.<br />
Elle rassemble ces métiers intervenant de façon multidisciplinaire en ambulatoire dans le parcours de vie du patient.<br />
Elle vise à promouvoir le décloisonnement des pratiques et une coordination efficiente.<br />
Elle intensifie la communication en vue d’établir un partenariat durable et respectueux entre tous les acteurs de soins qui la composent et les citoyens.<br />
Elle se veut être un interlocuteur de référence des pouvoirs publics pour tout sujet concernant la première ligne de soins.<br />
Dans la poursuite de son objet social, la PPLW porte un important projet de formation en e-Santé des professionnels de santé en Wallonie</p>

<p>La PPLW, la plateforme de concertation interprofessionnelle wallonne. La PPLW &#8211; Plateforme de Première Ligne Wallonne asbl &#8211; concrétise la volonté des professionnels de santé de première ligne de se fédérer, en vue d&#8217;améliorer la prise en charge multidisciplinaire des patients. la PPLW regroupe les fédérations des professionnels de première ligne de soins de santé [&hellip;]</p>
