{"id":17568,"date":"2023-05-25T16:19:53","date_gmt":"2023-05-25T14:19:53","guid":{"rendered":"https:\/\/www.pharmaforum.be\/?post_type=guest&#038;p=17568"},"modified":"2023-05-25T16:20:03","modified_gmt":"2023-05-25T14:20:03","slug":"isabelle-polis","status":"publish","type":"guest","link":"https:\/\/www.pharmaforum.be\/fr\/speaker\/isabelle-polis\/","title":{"rendered":"Isabelle Polis"},"content":{"rendered":"","protected":false},"excerpt":{"rendered":"<p class=\"MsoNormal\">Repr\u00e9sentante Inter-RML \u00e0 la PPLW Membre Comit\u00e9 de Pilotage R\u00e9seau Sant\u00e9 Wallon<\/p>\n","protected":false},"featured_media":17570,"template":"","meta":{"_seopress_robots_primary_cat":"","_seopress_titles_title":"Isabelle Polis - Pharma forum 2023","_seopress_titles_desc":"Repr\u00e9sentante Inter-RML \u00e0 la PPLW Membre Comit\u00e9 de Pilotage R\u00e9seau Sant\u00e9 Wallon","_seopress_robots_index":"","_company_name":"","_job_title":"","_visit_me":"","_email":"","_linkedin":"","_twitter":"","_facebook":"","_instagram":"","_youtube":"","_imdb":"","footnotes":""},"edition":[451],"guest_type":[],"work":[],"class_list":["post-17568","guest","type-guest","status-publish","has-post-thumbnail","hentry","edition-pharma-forum-2023"],"_cover_image":{"href":"https:\/\/www.pharmaforum.be\/fr\/wp-json\/wp\/v2\/media\/17570"},"_links":{"self":[{"href":"https:\/\/www.pharmaforum.be\/fr\/wp-json\/wp\/v2\/guest\/17568","targetHints":{"allow":["GET"]}}],"collection":[{"href":"https:\/\/www.pharmaforum.be\/fr\/wp-json\/wp\/v2\/guest"}],"about":[{"href":"https:\/\/www.pharmaforum.be\/fr\/wp-json\/wp\/v2\/types\/guest"}],"version-history":[{"count":4,"href":"https:\/\/www.pharmaforum.be\/fr\/wp-json\/wp\/v2\/guest\/17568\/revisions"}],"predecessor-version":[{"id":17575,"href":"https:\/\/www.pharmaforum.be\/fr\/wp-json\/wp\/v2\/guest\/17568\/revisions\/17575"}],"wp:featuredmedia":[{"embeddable":true,"href":"https:\/\/www.pharmaforum.be\/fr\/wp-json\/wp\/v2\/media\/17570"}],"wp:attachment":[{"href":"https:\/\/www.pharmaforum.be\/fr\/wp-json\/wp\/v2\/media?parent=17568"}],"wp:term":[{"taxonomy":"edition","embeddable":true,"href":"https:\/\/www.pharmaforum.be\/fr\/wp-json\/wp\/v2\/edition?post=17568"},{"taxonomy":"guest_type","embeddable":true,"href":"https:\/\/www.pharmaforum.be\/fr\/wp-json\/wp\/v2\/guest_type?post=17568"},{"taxonomy":"work","embeddable":true,"href":"https:\/\/www.pharmaforum.be\/fr\/wp-json\/wp\/v2\/work?post=17568"}],"curies":[{"name":"wp","href":"https:\/\/api.w.org\/{rel}","templated":true}]}}

<p class="MsoNormal">Représentante Inter-RML à la PPLW Membre Comité de Pilotage Réseau Santé Wallon</p>

Représentante Inter-RML à la PPLW Membre Comité de Pilotage Réseau Santé Wallon
