{"id":17847,"date":"2023-06-07T09:27:01","date_gmt":"2023-06-07T07:27:01","guid":{"rendered":"https:\/\/www.pharmaforum.be\/?post_type=guest&#038;p=17847"},"modified":"2023-06-07T09:27:02","modified_gmt":"2023-06-07T07:27:02","slug":"isabelle-defrance","status":"publish","type":"guest","link":"https:\/\/www.pharmaforum.be\/fr\/speaker\/isabelle-defrance\/","title":{"rendered":"Isabelle Defrance"},"content":{"rendered":"","protected":false},"excerpt":{"rendered":"<p class=\"xxmsonormal\" style=\"line-height: 11.75pt;\"><span class=\"xcontentpasted1\"><b><span style=\"font-size: 11.5pt; color: #242424; border: none windowtext 1.0pt; mso-border-alt: none windowtext 0cm; padding: 0cm;\">Dr en Pharmacie<\/span><\/b><\/span><span class=\"xcontentpasted1\"><span style=\"font-size: 11.5pt; color: #242424; border: none windowtext 1.0pt; mso-border-alt: none windowtext 0cm; padding: 0cm;\">, Isabelle Defrance a \u00e9crit une des premi\u00e8res th\u00e8ses sur l&#8217;importance du\u00a0<b>conseil \u00e0<\/b>\u00a0<b>l&#8217;officine<\/b>.<\/span><\/span><span class=\"xapple-converted-space\"><span style=\"font-size: 11.5pt; color: #242424; border: none windowtext 1.0pt; mso-border-alt: none windowtext 0cm; padding: 0cm;\">\u00a0<\/span><\/span><span class=\"xcontentpasted1\"><b><span style=\"font-size: 11.5pt; color: #242424; border: none windowtext 1.0pt; mso-border-alt: none windowtext 0cm; padding: 0cm;\">Formatrice<\/span><\/b><\/span><span class=\"xapple-converted-space\"><b><span style=\"font-size: 12.0pt; color: #242424;\">\u00a0<\/span><\/b><\/span><b><span style=\"font-size: 12.0pt; color: #242424;\">dans le domaine de la sant\u00e9 depuis plus de 20 ans<\/span><\/b><span class=\"xcontentpasted1\"><span style=\"font-size: 12.0pt; color: #242424;\">, passionn\u00e9e de communication et de neurosciences, elle utilise les outils de\u00a0<b>p\u00e9dagogie active<\/b>\u00a0pour faciliter l&#8217;apprentissage et la mise en pratique de la th\u00e9orie.<\/span><\/span><span class=\"xapple-converted-space\"><span style=\"font-size: 12.0pt; color: #242424;\">\u00a0<\/span><\/span><span class=\"xcontentpasted1\"><b><span style=\"font-size: 12.0pt; color: #242424;\">Coach certifi\u00e9e ICF<\/span><\/b><\/span><span class=\"xcontentpasted1\"><span style=\"font-size: 12.0pt; color: #242424;\">, elle a d\u00e9velopp\u00e9 une expertise en<\/span><\/span><span class=\"xapple-converted-space\"><span style=\"font-size: 12.0pt; color: #242424;\">\u00a0<\/span><\/span><span class=\"xcontentpasted1\"><b><span style=\"font-size: 12.0pt; color: #242424;\">coaching officinal<\/span><\/b><\/span><span class=\"xapple-converted-space\"><span style=\"font-size: 12.0pt; color: #242424;\">\u00a0<\/span><\/span><span class=\"xcontentpasted1\"><span style=\"font-size: 12.0pt; color: #242424;\">(coaching professionnel des \u00e9quipes officinales).<\/span><\/span><\/p>\n<p class=\"xxgmail-font8\" style=\"text-align: justify; line-height: 18.0pt;\"><span class=\"xcontentpasted1\"><span style=\"font-size: 11.5pt; color: #242424; border: none windowtext 1.0pt; mso-border-alt: none windowtext 0cm; padding: 0cm;\">En 2019, l\u2019<b>UPHO<\/b>C lui a confi\u00e9 le d\u00e9veloppement<\/span><\/span><span class=\"xapple-converted-space\"><span style=\"font-size: 11.5pt; color: #242424; border: none windowtext 1.0pt; mso-border-alt: none windowtext 0cm; padding: 0cm;\">\u00a0<\/span><\/span><span class=\"xcontentpasted1\"><b><span style=\"font-size: 11.5pt; color: #242424; border: none windowtext 1.0pt; mso-border-alt: none windowtext 0cm; padding: 0cm;\">d\u2019un trajet appel\u00e9 Coaching qualit\u00e9<\/span><\/b><\/span><span class=\"xcontentpasted1\"><span style=\"font-size: 11.5pt; color: #242424; border: none windowtext 1.0pt; mso-border-alt: none windowtext 0cm; padding: 0cm;\">, trajet en 3 demi-journ\u00e9es, d\u00e9marrant par un<\/span><\/span><span class=\"xapple-converted-space\"><span style=\"font-size: 11.5pt; color: #242424; border: none windowtext 1.0pt; mso-border-alt: none windowtext 0cm; padding: 0cm;\">\u00a0<\/span><\/span><span class=\"xcontentpasted1\"><b><span style=\"font-size: 11.5pt; color: #242424; border: none windowtext 1.0pt; mso-border-alt: none windowtext 0cm; padding: 0cm;\">audit externe de l\u2019officine en 20 points<\/span><\/b><\/span><span class=\"xapple-converted-space\"><span style=\"font-size: 11.5pt; color: #242424; border: none windowtext 1.0pt; mso-border-alt: none windowtext 0cm; padding: 0cm;\">\u00a0<\/span><\/span><span class=\"xcontentpasted1\"><span style=\"font-size: 11.5pt; color: #242424; border: none windowtext 1.0pt; mso-border-alt: none windowtext 0cm; padding: 0cm;\">et se poursuivant par des formations et du coaching suivant les besoins du titulaire et de son \u00e9quipe.\u00a0 En 2021, elle transmet son exp\u00e9rience d\u2019audits externes au sein du<\/span><\/span><span class=\"xapple-converted-space\"><span style=\"font-size: 11.5pt; color: #242424; border: none windowtext 1.0pt; mso-border-alt: none windowtext 0cm; padding: 0cm;\">\u00a0<\/span><\/span><span class=\"xcontentpasted1\"><b><span style=\"font-size: 11.5pt; color: #242424; border: none windowtext 1.0pt; mso-border-alt: none windowtext 0cm; padding: 0cm;\">groupe de travail Audit de l\u2019APB<\/span><\/b><\/span><span class=\"xcontentpasted1\"><span style=\"font-size: 11.5pt; color: #242424; border: none windowtext 1.0pt; mso-border-alt: none windowtext 0cm; padding: 0cm;\">. Elle cr\u00e9e<\/span><\/span><span class=\"xapple-converted-space\"><span style=\"font-size: 11.5pt; color: #242424; border: none windowtext 1.0pt; mso-border-alt: none windowtext 0cm; padding: 0cm;\">\u00a0<\/span><\/span><span class=\"xcontentpasted1\"><b><span style=\"font-size: 11.5pt; color: #242424; border: none windowtext 1.0pt; mso-border-alt: none windowtext 0cm; padding: 0cm;\">le trajet de formation des futurs auditeurs qualifi\u00e9s APB<\/span><\/b><\/span><span class=\"xapple-converted-space\"><span style=\"font-size: 11.5pt; color: #242424; border: none windowtext 1.0pt; mso-border-alt: none windowtext 0cm; padding: 0cm;\">\u00a0<\/span><\/span><span class=\"xcontentpasted1\"><span style=\"font-size: 11.5pt; color: #242424; border: none windowtext 1.0pt; mso-border-alt: none windowtext 0cm; padding: 0cm;\">et forme les formateurs N\u00e9erlandophones et les futurs auditeurs francophones. En 2023, elle transmet son exp\u00e9rience de coaching officinal et forme les futurs coachs qualit\u00e9 de l\u2019AUP.<\/span><\/span><span class=\"xapple-converted-space\"><span style=\"font-size: 11.5pt; color: #242424; border: none windowtext 1.0pt; mso-border-alt: none windowtext 0cm; padding: 0cm;\">\u00a0<\/span><\/span><\/p>\n<p class=\"xxgmail-font8\" style=\"text-align: justify; line-height: 18.0pt;\"><span class=\"xcontentpasted1\"><span style=\"font-size: 11.5pt; color: #242424; border: none windowtext 1.0pt; mso-border-alt: none windowtext 0cm; padding: 0cm;\">Elle a r\u00e9alis\u00e9 une\u00a0<b>70 aine d&#8217;audits externes<\/b>\u00a0et pratiqu\u00e9 plus de\u00a0<b>500 heures de formation et de coaching officinal.<\/b><\/span><\/span><\/p>\n","protected":false},"featured_media":17849,"template":"","meta":{"_seopress_robots_primary_cat":"","_seopress_titles_title":"Isabelle Defrance - Pharma forum 2023","_seopress_titles_desc":"Pharmacienne, Formatrice et Coach","_seopress_robots_index":"","_company_name":"","_job_title":"","_visit_me":"","_email":"","_linkedin":"","_twitter":"","_facebook":"","_instagram":"","_youtube":"","_imdb":"","footnotes":""},"edition":[451],"guest_type":[],"work":[],"class_list":["post-17847","guest","type-guest","status-publish","has-post-thumbnail","hentry","edition-pharma-forum-2023"],"_cover_image":{"href":"https:\/\/www.pharmaforum.be\/fr\/wp-json\/wp\/v2\/media\/17849"},"_links":{"self":[{"href":"https:\/\/www.pharmaforum.be\/fr\/wp-json\/wp\/v2\/guest\/17847","targetHints":{"allow":["GET"]}}],"collection":[{"href":"https:\/\/www.pharmaforum.be\/fr\/wp-json\/wp\/v2\/guest"}],"about":[{"href":"https:\/\/www.pharmaforum.be\/fr\/wp-json\/wp\/v2\/types\/guest"}],"version-history":[{"count":2,"href":"https:\/\/www.pharmaforum.be\/fr\/wp-json\/wp\/v2\/guest\/17847\/revisions"}],"predecessor-version":[{"id":17852,"href":"https:\/\/www.pharmaforum.be\/fr\/wp-json\/wp\/v2\/guest\/17847\/revisions\/17852"}],"wp:featuredmedia":[{"embeddable":true,"href":"https:\/\/www.pharmaforum.be\/fr\/wp-json\/wp\/v2\/media\/17849"}],"wp:attachment":[{"href":"https:\/\/www.pharmaforum.be\/fr\/wp-json\/wp\/v2\/media?parent=17847"}],"wp:term":[{"taxonomy":"edition","embeddable":true,"href":"https:\/\/www.pharmaforum.be\/fr\/wp-json\/wp\/v2\/edition?post=17847"},{"taxonomy":"guest_type","embeddable":true,"href":"https:\/\/www.pharmaforum.be\/fr\/wp-json\/wp\/v2\/guest_type?post=17847"},{"taxonomy":"work","embeddable":true,"href":"https:\/\/www.pharmaforum.be\/fr\/wp-json\/wp\/v2\/work?post=17847"}],"curies":[{"name":"wp","href":"https:\/\/api.w.org\/{rel}","templated":true}]}}

<p class="xxmsonormal" style="line-height: 11.75pt;"><span class="xcontentpasted1"><b><span style="font-size: 11.5pt; color: #242424; border: none windowtext 1.0pt; mso-border-alt: none windowtext 0cm; padding: 0cm;">Dr en Pharmacie</span></b></span><span class="xcontentpasted1"><span style="font-size: 11.5pt; color: #242424; border: none windowtext 1.0pt; mso-border-alt: none windowtext 0cm; padding: 0cm;">, Isabelle Defrance a écrit une des premières thèses sur l&#8217;importance du <b>conseil à</b> <b>l&#8217;officine</b>.</span></span><span class="xapple-converted-space"><span style="font-size: 11.5pt; color: #242424; border: none windowtext 1.0pt; mso-border-alt: none windowtext 0cm; padding: 0cm;"> </span></span><span class="xcontentpasted1"><b><span style="font-size: 11.5pt; color: #242424; border: none windowtext 1.0pt; mso-border-alt: none windowtext 0cm; padding: 0cm;">Formatrice</span></b></span><span class="xapple-converted-space"><b><span style="font-size: 12.0pt; color: #242424;"> </span></b></span><b><span style="font-size: 12.0pt; color: #242424;">dans le domaine de la santé depuis plus de 20 ans</span></b><span class="xcontentpasted1"><span style="font-size: 12.0pt; color: #242424;">, passionnée de communication et de neurosciences, elle utilise les outils de <b>pédagogie active</b> pour faciliter l&#8217;apprentissage et la mise en pratique de la théorie.</span></span><span class="xapple-converted-space"><span style="font-size: 12.0pt; color: #242424;"> </span></span><span class="xcontentpasted1"><b><span style="font-size: 12.0pt; color: #242424;">Coach certifiée ICF</span></b></span><span class="xcontentpasted1"><span style="font-size: 12.0pt; color: #242424;">, elle a développé une expertise en</span></span><span class="xapple-converted-space"><span style="font-size: 12.0pt; color: #242424;"> </span></span><span class="xcontentpasted1"><b><span style="font-size: 12.0pt; color: #242424;">coaching officinal</span></b></span><span class="xapple-converted-space"><span style="font-size: 12.0pt; color: #242424;"> </span></span><span class="xcontentpasted1"><span style="font-size: 12.0pt; color: #242424;">(coaching professionnel des équipes officinales).</span></span></p>
<p class="xxgmail-font8" style="text-align: justify; line-height: 18.0pt;"><span class="xcontentpasted1"><span style="font-size: 11.5pt; color: #242424; border: none windowtext 1.0pt; mso-border-alt: none windowtext 0cm; padding: 0cm;">En 2019, l’<b>UPHO</b>C lui a confié le développement</span></span><span class="xapple-converted-space"><span style="font-size: 11.5pt; color: #242424; border: none windowtext 1.0pt; mso-border-alt: none windowtext 0cm; padding: 0cm;"> </span></span><span class="xcontentpasted1"><b><span style="font-size: 11.5pt; color: #242424; border: none windowtext 1.0pt; mso-border-alt: none windowtext 0cm; padding: 0cm;">d’un trajet appelé Coaching qualité</span></b></span><span class="xcontentpasted1"><span style="font-size: 11.5pt; color: #242424; border: none windowtext 1.0pt; mso-border-alt: none windowtext 0cm; padding: 0cm;">, trajet en 3 demi-journées, démarrant par un</span></span><span class="xapple-converted-space"><span style="font-size: 11.5pt; color: #242424; border: none windowtext 1.0pt; mso-border-alt: none windowtext 0cm; padding: 0cm;"> </span></span><span class="xcontentpasted1"><b><span style="font-size: 11.5pt; color: #242424; border: none windowtext 1.0pt; mso-border-alt: none windowtext 0cm; padding: 0cm;">audit externe de l’officine en 20 points</span></b></span><span class="xapple-converted-space"><span style="font-size: 11.5pt; color: #242424; border: none windowtext 1.0pt; mso-border-alt: none windowtext 0cm; padding: 0cm;"> </span></span><span class="xcontentpasted1"><span style="font-size: 11.5pt; color: #242424; border: none windowtext 1.0pt; mso-border-alt: none windowtext 0cm; padding: 0cm;">et se poursuivant par des formations et du coaching suivant les besoins du titulaire et de son équipe.  En 2021, elle transmet son expérience d’audits externes au sein du</span></span><span class="xapple-converted-space"><span style="font-size: 11.5pt; color: #242424; border: none windowtext 1.0pt; mso-border-alt: none windowtext 0cm; padding: 0cm;"> </span></span><span class="xcontentpasted1"><b><span style="font-size: 11.5pt; color: #242424; border: none windowtext 1.0pt; mso-border-alt: none windowtext 0cm; padding: 0cm;">groupe de travail Audit de l’APB</span></b></span><span class="xcontentpasted1"><span style="font-size: 11.5pt; color: #242424; border: none windowtext 1.0pt; mso-border-alt: none windowtext 0cm; padding: 0cm;">. Elle crée</span></span><span class="xapple-converted-space"><span style="font-size: 11.5pt; color: #242424; border: none windowtext 1.0pt; mso-border-alt: none windowtext 0cm; padding: 0cm;"> </span></span><span class="xcontentpasted1"><b><span style="font-size: 11.5pt; color: #242424; border: none windowtext 1.0pt; mso-border-alt: none windowtext 0cm; padding: 0cm;">le trajet de formation des futurs auditeurs qualifiés APB</span></b></span><span class="xapple-converted-space"><span style="font-size: 11.5pt; color: #242424; border: none windowtext 1.0pt; mso-border-alt: none windowtext 0cm; padding: 0cm;"> </span></span><span class="xcontentpasted1"><span style="font-size: 11.5pt; color: #242424; border: none windowtext 1.0pt; mso-border-alt: none windowtext 0cm; padding: 0cm;">et forme les formateurs Néerlandophones et les futurs auditeurs francophones. En 2023, elle transmet son expérience de coaching officinal et forme les futurs coachs qualité de l’AUP.</span></span><span class="xapple-converted-space"><span style="font-size: 11.5pt; color: #242424; border: none windowtext 1.0pt; mso-border-alt: none windowtext 0cm; padding: 0cm;"> </span></span></p>
<p class="xxgmail-font8" style="text-align: justify; line-height: 18.0pt;"><span class="xcontentpasted1"><span style="font-size: 11.5pt; color: #242424; border: none windowtext 1.0pt; mso-border-alt: none windowtext 0cm; padding: 0cm;">Elle a réalisé une <b>70 aine d&#8217;audits externes</b> et pratiqué plus de <b>500 heures de formation et de coaching officinal.</b></span></span></p>
