{"id":21393,"date":"2023-09-12T15:59:09","date_gmt":"2023-09-12T13:59:09","guid":{"rendered":"https:\/\/www.pharmaforum.be\/?post_type=guest&#038;p=21393"},"modified":"2023-09-12T15:59:11","modified_gmt":"2023-09-12T13:59:11","slug":"fabian-priem-bio-ingenieur-et-ceo-de-la-societe-eleonor","status":"publish","type":"guest","link":"https:\/\/www.pharmaforum.be\/fr\/speaker\/fabian-priem-bio-ingenieur-et-ceo-de-la-societe-eleonor\/","title":{"rendered":"Fabian Priem                                                         Bio-Ing\u00e9nieur et CEO de la soci\u00e9t\u00e9 ELEONOR"},"content":{"rendered":"\n<p><\/p>\n\n\n\n<p><\/p>\n","protected":false},"excerpt":{"rendered":"<p>Bio-Ing\u00e9nieur et CEO de la soci\u00e9t\u00e9 ELEONOR<\/p>\n","protected":false},"featured_media":21383,"template":"","meta":{"_seopress_robots_primary_cat":"","_seopress_titles_title":"","_seopress_titles_desc":"","_seopress_robots_index":"","_company_name":"","_job_title":"","_visit_me":"","_email":"","_linkedin":"","_twitter":"","_facebook":"","_instagram":"","_youtube":"","_imdb":"","footnotes":""},"edition":[451],"guest_type":[],"work":[],"class_list":["post-21393","guest","type-guest","status-publish","has-post-thumbnail","hentry","edition-pharma-forum-2023"],"_cover_image":null,"_links":{"self":[{"href":"https:\/\/www.pharmaforum.be\/fr\/wp-json\/wp\/v2\/guest\/21393","targetHints":{"allow":["GET"]}}],"collection":[{"href":"https:\/\/www.pharmaforum.be\/fr\/wp-json\/wp\/v2\/guest"}],"about":[{"href":"https:\/\/www.pharmaforum.be\/fr\/wp-json\/wp\/v2\/types\/guest"}],"version-history":[{"count":2,"href":"https:\/\/www.pharmaforum.be\/fr\/wp-json\/wp\/v2\/guest\/21393\/revisions"}],"predecessor-version":[{"id":21396,"href":"https:\/\/www.pharmaforum.be\/fr\/wp-json\/wp\/v2\/guest\/21393\/revisions\/21396"}],"wp:featuredmedia":[{"embeddable":true,"href":"https:\/\/www.pharmaforum.be\/fr\/wp-json\/wp\/v2\/media\/21383"}],"wp:attachment":[{"href":"https:\/\/www.pharmaforum.be\/fr\/wp-json\/wp\/v2\/media?parent=21393"}],"wp:term":[{"taxonomy":"edition","embeddable":true,"href":"https:\/\/www.pharmaforum.be\/fr\/wp-json\/wp\/v2\/edition?post=21393"},{"taxonomy":"guest_type","embeddable":true,"href":"https:\/\/www.pharmaforum.be\/fr\/wp-json\/wp\/v2\/guest_type?post=21393"},{"taxonomy":"work","embeddable":true,"href":"https:\/\/www.pharmaforum.be\/fr\/wp-json\/wp\/v2\/work?post=21393"}],"curies":[{"name":"wp","href":"https:\/\/api.w.org\/{rel}","templated":true}]}}

Fabian Priem                                                         Bio-Ingénieur et CEO de la société ELEONOR

<p>Bio-Ingénieur et CEO de la société ELEONOR</p>
