{"id":5833,"date":"2022-07-01T15:06:00","date_gmt":"2022-07-01T13:06:00","guid":{"rendered":"https:\/\/www.pharmaforum.be\/?post_type=guest&#038;p=5833"},"modified":"2022-07-20T17:15:37","modified_gmt":"2022-07-20T15:15:37","slug":"francoise-bottriaux","status":"publish","type":"guest","link":"https:\/\/www.pharmaforum.be\/fr\/speaker\/francoise-bottriaux\/","title":{"rendered":"Francoise Bottriaux"},"content":{"rendered":"<p>Juriste APB<\/p>\n<p>Apr\u00e8s avoir travaill\u00e9 au sein de l\u2019Union Nationale des Mutualit\u00e9s Professionnelles de Belgique, Madame Bottriaux travaille depuis plus de 30 ans \u00e0 l\u2019Association Pharmaceutique Belge. Elle est juriste d\u2019entreprise. Elle s\u2019est sp\u00e9cialis\u00e9 dans le droit pharmaceutique. Suite au d\u00e9veloppement de la pr\u00e9paration de m\u00e9dication individuelle, afin de comprendre la distribution du m\u00e9dicament en MR et MRS, elle a \u00e9galement suivi en 2010 une formation compl\u00e9mentaire dans la gestion des maisons de repos et depuis donne des cours dans ce cadre.<\/p>\n","protected":false},"excerpt":{"rendered":"<p>Juriste APB Apr\u00e8s avoir travaill\u00e9 au sein de l\u2019Union Nationale des Mutualit\u00e9s Professionnelles de Belgique, Madame Bottriaux travaille depuis plus de 30 ans \u00e0 l\u2019Association Pharmaceutique Belge. Elle est juriste d\u2019entreprise. Elle s\u2019est sp\u00e9cialis\u00e9 dans le droit pharmaceutique. Suite au d\u00e9veloppement de la pr\u00e9paration de m\u00e9dication individuelle, afin de comprendre la distribution du m\u00e9dicament en [&hellip;]<\/p>\n","protected":false},"featured_media":0,"template":"","meta":{"_seopress_robots_primary_cat":"","_seopress_titles_title":"Francoise Bottriaux - Pharma forum","_seopress_titles_desc":"Juriste APB","_seopress_robots_index":"","_company_name":"","_job_title":"","_visit_me":"","_email":"","_linkedin":"","_twitter":"","_facebook":"","_instagram":"","_youtube":"","_imdb":"","footnotes":""},"edition":[],"guest_type":[],"work":[],"class_list":["post-5833","guest","type-guest","status-publish","hentry"],"_cover_image":{"href":"https:\/\/www.pharmaforum.be\/fr\/wp-json\/wp\/v2\/media\/6894"},"_links":{"self":[{"href":"https:\/\/www.pharmaforum.be\/fr\/wp-json\/wp\/v2\/guest\/5833","targetHints":{"allow":["GET"]}}],"collection":[{"href":"https:\/\/www.pharmaforum.be\/fr\/wp-json\/wp\/v2\/guest"}],"about":[{"href":"https:\/\/www.pharmaforum.be\/fr\/wp-json\/wp\/v2\/types\/guest"}],"version-history":[{"count":1,"href":"https:\/\/www.pharmaforum.be\/fr\/wp-json\/wp\/v2\/guest\/5833\/revisions"}],"predecessor-version":[{"id":5838,"href":"https:\/\/www.pharmaforum.be\/fr\/wp-json\/wp\/v2\/guest\/5833\/revisions\/5838"}],"wp:attachment":[{"href":"https:\/\/www.pharmaforum.be\/fr\/wp-json\/wp\/v2\/media?parent=5833"}],"wp:term":[{"taxonomy":"edition","embeddable":true,"href":"https:\/\/www.pharmaforum.be\/fr\/wp-json\/wp\/v2\/edition?post=5833"},{"taxonomy":"guest_type","embeddable":true,"href":"https:\/\/www.pharmaforum.be\/fr\/wp-json\/wp\/v2\/guest_type?post=5833"},{"taxonomy":"work","embeddable":true,"href":"https:\/\/www.pharmaforum.be\/fr\/wp-json\/wp\/v2\/work?post=5833"}],"curies":[{"name":"wp","href":"https:\/\/api.w.org\/{rel}","templated":true}]}}

<p>Juriste APB</p>
<p>Après avoir travaillé au sein de l’Union Nationale des Mutualités Professionnelles de Belgique, Madame Bottriaux travaille depuis plus de 30 ans à l’Association Pharmaceutique Belge. Elle est juriste d’entreprise. Elle s’est spécialisé dans le droit pharmaceutique. Suite au développement de la préparation de médication individuelle, afin de comprendre la distribution du médicament en MR et MRS, elle a également suivi en 2010 une formation complémentaire dans la gestion des maisons de repos et depuis donne des cours dans ce cadre.</p>

<p>Juriste APB Après avoir travaillé au sein de l’Union Nationale des Mutualités Professionnelles de Belgique, Madame Bottriaux travaille depuis plus de 30 ans à l’Association Pharmaceutique Belge. Elle est juriste d’entreprise. Elle s’est spécialisé dans le droit pharmaceutique. Suite au développement de la préparation de médication individuelle, afin de comprendre la distribution du médicament en [&hellip;]</p>
