{"id":5849,"date":"2022-07-01T15:15:57","date_gmt":"2022-07-01T13:15:57","guid":{"rendered":"https:\/\/www.pharmaforum.be\/?post_type=guest&#038;p=5849"},"modified":"2022-07-01T15:17:57","modified_gmt":"2022-07-01T13:17:57","slug":"sspf","status":"publish","type":"guest","link":"https:\/\/www.pharmaforum.be\/fr\/speaker\/sspf\/","title":{"rendered":"SSPF"},"content":{"rendered":"<p>La Soci\u00e9t\u00e9 Scientifique des Pharmaciens Francophones (SSPF)\u00a0propose chaque ann\u00e9e un programme de formation continue \u00e0 l&#8217;attention des pharmaciens et des assistants pharmaceutico-techniques. En compl\u00e9ment de ces formations, les membres SSPF ont acc\u00e8s \u00e0 des outils directement utilisables dans leur pratique officinale.<\/p>\n","protected":false},"excerpt":{"rendered":"<p>La Soci\u00e9t\u00e9 Scientifique des Pharmaciens Francophones (SSPF)\u00a0propose chaque ann\u00e9e un programme de formation continue \u00e0 l&#8217;attention des pharmaciens et des assistants pharmaceutico-techniques. En compl\u00e9ment de ces formations, les membres SSPF ont acc\u00e8s \u00e0 des outils directement utilisables dans leur pratique officinale.<\/p>\n","protected":false},"featured_media":0,"template":"","meta":{"_seopress_robots_primary_cat":"","_seopress_titles_title":"SSPF - Pharma forum","_seopress_titles_desc":"La Soci\u00e9t\u00e9 Scientifique des Pharmaciens Francophones (SSPF)\u00a0propose chaque ann\u00e9e un programme de formation continue \u00e0 l&#039;attention des pharmaciens et des assistants pharmaceutico-techniques. En compl\u00e9ment de ces formations, les membres SSPF ont acc\u00e8s \u00e0 des outils directement utilisables dans leur pratique officinale.","_seopress_robots_index":"","_company_name":"","_job_title":"","_visit_me":"","_email":"","_linkedin":"","_twitter":"","_facebook":"","_instagram":"","_youtube":"","_imdb":"","footnotes":""},"edition":[],"guest_type":[],"work":[],"class_list":["post-5849","guest","type-guest","status-publish","hentry"],"_cover_image":{"href":"https:\/\/www.pharmaforum.be\/fr\/wp-json\/wp\/v2\/media\/5851"},"_links":{"self":[{"href":"https:\/\/www.pharmaforum.be\/fr\/wp-json\/wp\/v2\/guest\/5849","targetHints":{"allow":["GET"]}}],"collection":[{"href":"https:\/\/www.pharmaforum.be\/fr\/wp-json\/wp\/v2\/guest"}],"about":[{"href":"https:\/\/www.pharmaforum.be\/fr\/wp-json\/wp\/v2\/types\/guest"}],"version-history":[{"count":2,"href":"https:\/\/www.pharmaforum.be\/fr\/wp-json\/wp\/v2\/guest\/5849\/revisions"}],"predecessor-version":[{"id":5854,"href":"https:\/\/www.pharmaforum.be\/fr\/wp-json\/wp\/v2\/guest\/5849\/revisions\/5854"}],"wp:attachment":[{"href":"https:\/\/www.pharmaforum.be\/fr\/wp-json\/wp\/v2\/media?parent=5849"}],"wp:term":[{"taxonomy":"edition","embeddable":true,"href":"https:\/\/www.pharmaforum.be\/fr\/wp-json\/wp\/v2\/edition?post=5849"},{"taxonomy":"guest_type","embeddable":true,"href":"https:\/\/www.pharmaforum.be\/fr\/wp-json\/wp\/v2\/guest_type?post=5849"},{"taxonomy":"work","embeddable":true,"href":"https:\/\/www.pharmaforum.be\/fr\/wp-json\/wp\/v2\/work?post=5849"}],"curies":[{"name":"wp","href":"https:\/\/api.w.org\/{rel}","templated":true}]}}

<p>La Société Scientifique des Pharmaciens Francophones (SSPF) propose chaque année un programme de formation continue à l&#8217;attention des pharmaciens et des assistants pharmaceutico-techniques. En complément de ces formations, les membres SSPF ont accès à des outils directement utilisables dans leur pratique officinale.</p>

La Société Scientifique des Pharmaciens Francophones (SSPF) propose chaque année un programme de formation continue à l&#039;attention des pharmaciens et des assistants pharmaceutico-techniques. En complément de ces formations, les membres SSPF ont accès à des outils directement utilisables dans leur pratique officinale.
