{"id":6870,"date":"2022-07-20T17:05:29","date_gmt":"2022-07-20T15:05:29","guid":{"rendered":"https:\/\/www.pharmaforum.be\/?post_type=guest&#038;p=6870"},"modified":"2022-07-20T17:17:17","modified_gmt":"2022-07-20T15:17:17","slug":"alain-chaspierre","status":"publish","type":"guest","link":"https:\/\/www.pharmaforum.be\/fr\/speaker\/alain-chaspierre\/","title":{"rendered":"Alain Chaspierre"},"content":{"rendered":"<p>Apr\u00e8s de bons et loyaux services au sein de l\u2019APB, Alain Chaspierre a repris la direction de la SSPF et contribue \u00e0 d\u00e9velopper de multiples formations \u00e0 destination des pharmaciens et des assistants pharmaceutico-techniques.<\/p>\n","protected":false},"excerpt":{"rendered":"<p>Apr\u00e8s de bons et loyaux services au sein de l\u2019APB, Alain Chaspierre a repris la direction de la SSPF et contribue \u00e0 d\u00e9velopper de multiples formations \u00e0 destination des pharmaciens et des assistants pharmaceutico-techniques.<\/p>\n","protected":false},"featured_media":0,"template":"","meta":{"_seopress_robots_primary_cat":"","_seopress_titles_title":"Alain Chaspierre - Pharma forum","_seopress_titles_desc":"Apr\u00e8s de bons et loyaux services au sein de l\u2019APB, Alain Chaspierre a repris la direction de la SSPF et contribue \u00e0 d\u00e9velopper de multiples formations \u00e0 destination des pharmaciens et des assistants pharmaceutico-techniques.","_seopress_robots_index":"","_company_name":"","_job_title":"","_visit_me":"","_email":"","_linkedin":"","_twitter":"","_facebook":"","_instagram":"","_youtube":"","_imdb":"","footnotes":""},"edition":[],"guest_type":[],"work":[],"class_list":["post-6870","guest","type-guest","status-publish","hentry"],"_cover_image":{"href":"https:\/\/www.pharmaforum.be\/fr\/wp-json\/wp\/v2\/media\/6872"},"_links":{"self":[{"href":"https:\/\/www.pharmaforum.be\/fr\/wp-json\/wp\/v2\/guest\/6870","targetHints":{"allow":["GET"]}}],"collection":[{"href":"https:\/\/www.pharmaforum.be\/fr\/wp-json\/wp\/v2\/guest"}],"about":[{"href":"https:\/\/www.pharmaforum.be\/fr\/wp-json\/wp\/v2\/types\/guest"}],"version-history":[{"count":1,"href":"https:\/\/www.pharmaforum.be\/fr\/wp-json\/wp\/v2\/guest\/6870\/revisions"}],"predecessor-version":[{"id":6874,"href":"https:\/\/www.pharmaforum.be\/fr\/wp-json\/wp\/v2\/guest\/6870\/revisions\/6874"}],"wp:attachment":[{"href":"https:\/\/www.pharmaforum.be\/fr\/wp-json\/wp\/v2\/media?parent=6870"}],"wp:term":[{"taxonomy":"edition","embeddable":true,"href":"https:\/\/www.pharmaforum.be\/fr\/wp-json\/wp\/v2\/edition?post=6870"},{"taxonomy":"guest_type","embeddable":true,"href":"https:\/\/www.pharmaforum.be\/fr\/wp-json\/wp\/v2\/guest_type?post=6870"},{"taxonomy":"work","embeddable":true,"href":"https:\/\/www.pharmaforum.be\/fr\/wp-json\/wp\/v2\/work?post=6870"}],"curies":[{"name":"wp","href":"https:\/\/api.w.org\/{rel}","templated":true}]}}

<p>Après de bons et loyaux services au sein de l’APB, Alain Chaspierre a repris la direction de la SSPF et contribue à développer de multiples formations à destination des pharmaciens et des assistants pharmaceutico-techniques.</p>

Après de bons et loyaux services au sein de l’APB, Alain Chaspierre a repris la direction de la SSPF et contribue à développer de multiples formations à destination des pharmaciens et des assistants pharmaceutico-techniques.
