{"id":7332,"date":"2022-07-28T16:00:50","date_gmt":"2022-07-28T14:00:50","guid":{"rendered":"https:\/\/www.pharmaforum.be\/?post_type=guest&#038;p=7332"},"modified":"2022-07-28T16:00:50","modified_gmt":"2022-07-28T14:00:50","slug":"vincent-snoeck","status":"publish","type":"guest","link":"https:\/\/www.pharmaforum.be\/fr\/speaker\/vincent-snoeck\/","title":{"rendered":"Vincent Snoeck"},"content":{"rendered":"<p>Vincent Snoeck dirige depuis 20 ans le bureau d\u2019\u00e9tudes Atingo, qui assure des missions de consultance et de formation en accessibilit\u00e9. Ce bureau est situ\u00e9 \u00e0 Namur et travaille avec toute personne, architecte, entreprise ou commune d\u00e9sireux de rendre son projet accessible aux personnes en situation de handicap.<\/p>\n<p>Il a \u00e9galement \u00e9t\u00e9 pr\u00e9sident du Collectif Accessibilit\u00e9 Wallonie-Bruxelles (CAWaB) pendant de nombreuses ann\u00e9es. Ce collectif regroupe 20 associations du secteur de l\u2019accessibilit\u00e9 et d\u00e9fend l\u2019accessibilit\u00e9 pour tous en Wallonie et \u00e0 Bruxelles.<\/p>\n<p>En outre, il est un des fondateurs de l\u2019ASBL Access-i qui a pour but de donner au public une information juste et v\u00e9rifi\u00e9e sur l\u2019accessibilit\u00e9 des lieux ouverts au public.<\/p>\n","protected":false},"excerpt":{"rendered":"<p>Vincent Snoeck dirige depuis 20 ans le bureau d\u2019\u00e9tudes Atingo, qui assure des missions de consultance et de formation en accessibilit\u00e9. Ce bureau est situ\u00e9 \u00e0 Namur et travaille avec toute personne, architecte, entreprise ou commune d\u00e9sireux de rendre son projet accessible aux personnes en situation de handicap.<\/p>\n","protected":false},"featured_media":0,"template":"","meta":{"_seopress_robots_primary_cat":"","_seopress_titles_title":"Vincent Snoeck - Pharma forum","_seopress_titles_desc":"Vincent Snoeck dirige depuis 20 ans le bureau d\u2019\u00e9tudes Atingo, qui assure des missions de consultance et de formation en accessibilit\u00e9. Ce bureau est situ\u00e9 \u00e0 Namur et travaille avec toute personne, architecte, entreprise ou commune d\u00e9sireux de rendre son projet accessible aux personnes en situation de handicap.","_seopress_robots_index":"","_company_name":"","_job_title":"","_visit_me":"","_email":"","_linkedin":"","_twitter":"","_facebook":"","_instagram":"","_youtube":"","_imdb":"","footnotes":""},"edition":[],"guest_type":[],"work":[],"class_list":["post-7332","guest","type-guest","status-publish","hentry"],"_cover_image":{"href":"https:\/\/www.pharmaforum.be\/fr\/wp-json\/wp\/v2\/media\/7338"},"_links":{"self":[{"href":"https:\/\/www.pharmaforum.be\/fr\/wp-json\/wp\/v2\/guest\/7332","targetHints":{"allow":["GET"]}}],"collection":[{"href":"https:\/\/www.pharmaforum.be\/fr\/wp-json\/wp\/v2\/guest"}],"about":[{"href":"https:\/\/www.pharmaforum.be\/fr\/wp-json\/wp\/v2\/types\/guest"}],"version-history":[{"count":1,"href":"https:\/\/www.pharmaforum.be\/fr\/wp-json\/wp\/v2\/guest\/7332\/revisions"}],"predecessor-version":[{"id":7340,"href":"https:\/\/www.pharmaforum.be\/fr\/wp-json\/wp\/v2\/guest\/7332\/revisions\/7340"}],"wp:attachment":[{"href":"https:\/\/www.pharmaforum.be\/fr\/wp-json\/wp\/v2\/media?parent=7332"}],"wp:term":[{"taxonomy":"edition","embeddable":true,"href":"https:\/\/www.pharmaforum.be\/fr\/wp-json\/wp\/v2\/edition?post=7332"},{"taxonomy":"guest_type","embeddable":true,"href":"https:\/\/www.pharmaforum.be\/fr\/wp-json\/wp\/v2\/guest_type?post=7332"},{"taxonomy":"work","embeddable":true,"href":"https:\/\/www.pharmaforum.be\/fr\/wp-json\/wp\/v2\/work?post=7332"}],"curies":[{"name":"wp","href":"https:\/\/api.w.org\/{rel}","templated":true}]}}

<p>Vincent Snoeck dirige depuis 20 ans le bureau d’études Atingo, qui assure des missions de consultance et de formation en accessibilité. Ce bureau est situé à Namur et travaille avec toute personne, architecte, entreprise ou commune désireux de rendre son projet accessible aux personnes en situation de handicap.</p>
<p>Il a également été président du Collectif Accessibilité Wallonie-Bruxelles (CAWaB) pendant de nombreuses années. Ce collectif regroupe 20 associations du secteur de l’accessibilité et défend l’accessibilité pour tous en Wallonie et à Bruxelles.</p>
<p>En outre, il est un des fondateurs de l’ASBL Access-i qui a pour but de donner au public une information juste et vérifiée sur l’accessibilité des lieux ouverts au public.</p>

<p>Vincent Snoeck dirige depuis 20 ans le bureau d’études Atingo, qui assure des missions de consultance et de formation en accessibilité. Ce bureau est situé à Namur et travaille avec toute personne, architecte, entreprise ou commune désireux de rendre son projet accessible aux personnes en situation de handicap.</p>

Vincent Snoeck dirige depuis 20 ans le bureau d’études Atingo, qui assure des missions de consultance et de formation en accessibilité. Ce bureau est situé à Namur et travaille avec toute personne, architecte, entreprise ou commune désireux de rendre son projet accessible aux personnes en situation de handicap.
