{"id":8082,"date":"2022-08-16T16:23:32","date_gmt":"2022-08-16T14:23:32","guid":{"rendered":"https:\/\/www.pharmaforum.be\/?post_type=guest&#038;p=8082"},"modified":"2022-08-16T16:23:32","modified_gmt":"2022-08-16T14:23:32","slug":"benoit-petre","status":"publish","type":"guest","link":"https:\/\/www.pharmaforum.be\/fr\/speaker\/benoit-petre\/","title":{"rendered":"Benoit Petre"},"content":{"rendered":"<p>Professeur au D\u00e9partement de la Sant\u00e9 Publique &#8211; Universit\u00e9 de Li\u00e8ge<\/p>\n","protected":false},"excerpt":{"rendered":"<p>Professeur au D\u00e9partement de la Sant\u00e9 Publique &#8211; Universit\u00e9 de Li\u00e8ge<\/p>\n","protected":false},"featured_media":0,"template":"","meta":{"_seopress_robots_primary_cat":"","_seopress_titles_title":"Benoit Petre - Pharma forum","_seopress_titles_desc":"Professeur au D\u00e9partement de la Sant\u00e9 Publique - Universit\u00e9 de Li\u00e8ge","_seopress_robots_index":"","_company_name":"","_job_title":"","_visit_me":"","_email":"","_linkedin":"","_twitter":"","_facebook":"","_instagram":"","_youtube":"","_imdb":"","footnotes":""},"edition":[],"guest_type":[],"work":[],"class_list":["post-8082","guest","type-guest","status-publish","hentry"],"_cover_image":{"href":"https:\/\/www.pharmaforum.be\/fr\/wp-json\/wp\/v2\/media\/7983"},"_links":{"self":[{"href":"https:\/\/www.pharmaforum.be\/fr\/wp-json\/wp\/v2\/guest\/8082","targetHints":{"allow":["GET"]}}],"collection":[{"href":"https:\/\/www.pharmaforum.be\/fr\/wp-json\/wp\/v2\/guest"}],"about":[{"href":"https:\/\/www.pharmaforum.be\/fr\/wp-json\/wp\/v2\/types\/guest"}],"version-history":[{"count":1,"href":"https:\/\/www.pharmaforum.be\/fr\/wp-json\/wp\/v2\/guest\/8082\/revisions"}],"predecessor-version":[{"id":8084,"href":"https:\/\/www.pharmaforum.be\/fr\/wp-json\/wp\/v2\/guest\/8082\/revisions\/8084"}],"wp:attachment":[{"href":"https:\/\/www.pharmaforum.be\/fr\/wp-json\/wp\/v2\/media?parent=8082"}],"wp:term":[{"taxonomy":"edition","embeddable":true,"href":"https:\/\/www.pharmaforum.be\/fr\/wp-json\/wp\/v2\/edition?post=8082"},{"taxonomy":"guest_type","embeddable":true,"href":"https:\/\/www.pharmaforum.be\/fr\/wp-json\/wp\/v2\/guest_type?post=8082"},{"taxonomy":"work","embeddable":true,"href":"https:\/\/www.pharmaforum.be\/fr\/wp-json\/wp\/v2\/work?post=8082"}],"curies":[{"name":"wp","href":"https:\/\/api.w.org\/{rel}","templated":true}]}}

<p>Professeur au Département de la Santé Publique &#8211; Université de Liège</p>

Professeur au Département de la Santé Publique - Université de Liège
