{"id":8227,"date":"2022-08-17T09:34:41","date_gmt":"2022-08-17T07:34:41","guid":{"rendered":"https:\/\/www.pharmaforum.be\/?post_type=guest&#038;p=8227"},"modified":"2022-08-17T09:34:41","modified_gmt":"2022-08-17T07:34:41","slug":"maitre-frederic-magnus","status":"publish","type":"guest","link":"https:\/\/www.pharmaforum.be\/fr\/speaker\/maitre-frederic-magnus\/","title":{"rendered":"Ma\u00eetre Fr\u00e9d\u00e9ric Magnus"},"content":{"rendered":"<p>Notaire depuis 2016 exercant en l\u2019\u00e9tude Fr\u00e9d\u00e9ric Magnus \u00e0 Erpent<br \/>\nAssistant en droit des soci\u00e9t\u00e9s depuis 2009 \u00e0 l\u2019Universit\u00e9 catholique de Louvain<\/p>\n","protected":false},"excerpt":{"rendered":"<p>Notaire depuis 2016 exercant en l\u2019\u00e9tude Fr\u00e9d\u00e9ric Magnus \u00e0 Erpent<br \/>\nAssistant en droit des soci\u00e9t\u00e9s depuis 2009 \u00e0 l\u2019Universit\u00e9 catholique de Louvain<\/p>\n","protected":false},"featured_media":0,"template":"","meta":{"_seopress_robots_primary_cat":"","_seopress_titles_title":"Ma\u00eetre Fr\u00e9d\u00e9ric Magnus - Pharma forum","_seopress_titles_desc":"Notaire depuis 2016 exercant en l\u2019\u00e9tude Fr\u00e9d\u00e9ric Magnus \u00e0 Erpent\r\nAssistant en droit des soci\u00e9t\u00e9s depuis 2009 \u00e0 l\u2019Universit\u00e9 catholique de Louvain","_seopress_robots_index":"","_company_name":"","_job_title":"","_visit_me":"","_email":"","_linkedin":"","_twitter":"","_facebook":"","_instagram":"","_youtube":"","_imdb":"","footnotes":""},"edition":[],"guest_type":[],"work":[],"class_list":["post-8227","guest","type-guest","status-publish","hentry"],"_cover_image":{"href":"https:\/\/www.pharmaforum.be\/fr\/wp-json\/wp\/v2\/media\/8097"},"_links":{"self":[{"href":"https:\/\/www.pharmaforum.be\/fr\/wp-json\/wp\/v2\/guest\/8227","targetHints":{"allow":["GET"]}}],"collection":[{"href":"https:\/\/www.pharmaforum.be\/fr\/wp-json\/wp\/v2\/guest"}],"about":[{"href":"https:\/\/www.pharmaforum.be\/fr\/wp-json\/wp\/v2\/types\/guest"}],"version-history":[{"count":1,"href":"https:\/\/www.pharmaforum.be\/fr\/wp-json\/wp\/v2\/guest\/8227\/revisions"}],"predecessor-version":[{"id":8229,"href":"https:\/\/www.pharmaforum.be\/fr\/wp-json\/wp\/v2\/guest\/8227\/revisions\/8229"}],"wp:attachment":[{"href":"https:\/\/www.pharmaforum.be\/fr\/wp-json\/wp\/v2\/media?parent=8227"}],"wp:term":[{"taxonomy":"edition","embeddable":true,"href":"https:\/\/www.pharmaforum.be\/fr\/wp-json\/wp\/v2\/edition?post=8227"},{"taxonomy":"guest_type","embeddable":true,"href":"https:\/\/www.pharmaforum.be\/fr\/wp-json\/wp\/v2\/guest_type?post=8227"},{"taxonomy":"work","embeddable":true,"href":"https:\/\/www.pharmaforum.be\/fr\/wp-json\/wp\/v2\/work?post=8227"}],"curies":[{"name":"wp","href":"https:\/\/api.w.org\/{rel}","templated":true}]}}

Maître Frédéric Magnus

<p>Notaire depuis 2016 exercant en l’étude Frédéric Magnus à Erpent<br />
Assistant en droit des sociétés depuis 2009 à l’Université catholique de Louvain</p>

Maître Frédéric Magnus - Pharma forum

Notaire depuis 2016 exercant en l’étude Frédéric Magnus à Erpent
Assistant en droit des sociétés depuis 2009 à l’Université catholique de Louvain
