{"id":17222,"date":"2023-05-08T15:51:52","date_gmt":"2023-05-08T13:51:52","guid":{"rendered":"https:\/\/www.pharmaforum.be\/products\/le-plan-dimplantation-2d\/"},"modified":"2023-09-19T11:49:59","modified_gmt":"2023-09-19T09:49:59","slug":"creativite","status":"publish","type":"products","link":"https:\/\/www.pharmaforum.be\/fr\/products\/creativite\/","title":{"rendered":"Cr\u00e9ativit\u00e9"},"content":{"rendered":"<p>Une r\u00e9flexion cr\u00e9ative qui allie marketing, esth\u00e9tique, et technicit\u00e9\u2026<br \/>\n\u2022 \u00c9tude d\u2019optimisation de l\u2019espace: analyse socio-\u00e9conomique, circulation, zones, gammes, signal\u00e9tique, organisation du back office, \u2026<br \/>\n\u2022 Design personnalis\u00e9<br \/>\n\u2022 Visualisation 3D avant r\u00e9alisation<\/p>\n","protected":false},"excerpt":{"rendered":"<p>Une r\u00e9flexion cr\u00e9ative qui allie marketing, esth\u00e9tique, et technicit\u00e9\u2026 \u2022 \u00c9tude d\u2019optimisation de l\u2019espace: analyse socio-\u00e9conomique, circulation, zones, gammes, signal\u00e9tique, organisation du back office, \u2026 \u2022 Design personnalis\u00e9 \u2022 Visualisation 3D avant r\u00e9alisation<\/p>\n","protected":false},"featured_media":17281,"template":"","meta":{"_seopress_robots_primary_cat":"","_seopress_titles_title":"","_seopress_titles_desc":"","_seopress_robots_index":"","_api_id":"189748","_exhibitors":["15858"],"footnotes":""},"tags":[],"edition":[451],"product-category":[],"class_list":["post-17222","products","type-products","status-publish","has-post-thumbnail","hentry","edition-pharma-forum-2023"],"_links":{"self":[{"href":"https:\/\/www.pharmaforum.be\/fr\/wp-json\/wp\/v2\/products\/17222","targetHints":{"allow":["GET"]}}],"collection":[{"href":"https:\/\/www.pharmaforum.be\/fr\/wp-json\/wp\/v2\/products"}],"about":[{"href":"https:\/\/www.pharmaforum.be\/fr\/wp-json\/wp\/v2\/types\/products"}],"version-history":[{"count":4,"href":"https:\/\/www.pharmaforum.be\/fr\/wp-json\/wp\/v2\/products\/17222\/revisions"}],"predecessor-version":[{"id":17260,"href":"https:\/\/www.pharmaforum.be\/fr\/wp-json\/wp\/v2\/products\/17222\/revisions\/17260"}],"wp:featuredmedia":[{"embeddable":true,"href":"https:\/\/www.pharmaforum.be\/fr\/wp-json\/wp\/v2\/media\/17281"}],"wp:attachment":[{"href":"https:\/\/www.pharmaforum.be\/fr\/wp-json\/wp\/v2\/media?parent=17222"}],"wp:term":[{"taxonomy":"post_tag","embeddable":true,"href":"https:\/\/www.pharmaforum.be\/fr\/wp-json\/wp\/v2\/tags?post=17222"},{"taxonomy":"edition","embeddable":true,"href":"https:\/\/www.pharmaforum.be\/fr\/wp-json\/wp\/v2\/edition?post=17222"},{"taxonomy":"product-category","embeddable":true,"href":"https:\/\/www.pharmaforum.be\/fr\/wp-json\/wp\/v2\/product-category?post=17222"}],"curies":[{"name":"wp","href":"https:\/\/api.w.org\/{rel}","templated":true}]}}

Créativité

<p>Une réflexion créative qui allie marketing, esthétique, et technicité…<br />
• Étude d’optimisation de l’espace: analyse socio-économique, circulation, zones, gammes, signalétique, organisation du back office, …<br />
• Design personnalisé<br />
• Visualisation 3D avant réalisation</p>

<p>Une réflexion créative qui allie marketing, esthétique, et technicité… • Étude d’optimisation de l’espace: analyse socio-économique, circulation, zones, gammes, signalétique, organisation du back office, … • Design personnalisé • Visualisation 3D avant réalisation</p>
