{"id":19652,"date":"2023-07-17T13:18:24","date_gmt":"2023-07-17T11:18:24","guid":{"rendered":"https:\/\/www.pharmaforum.be\/products\/mobilier-damenagement\/"},"modified":"2023-07-17T13:20:51","modified_gmt":"2023-07-17T11:20:51","slug":"mobilier-damenagement","status":"publish","type":"products","link":"https:\/\/www.pharmaforum.be\/fr\/products\/mobilier-damenagement\/","title":{"rendered":"Mobilier d&#8217;am\u00e9nagement"},"content":{"rendered":"<p>Gr\u00e2ce \u00e0 la gamme de mobilier d&#8217;am\u00e9nagement d&#8217;H-Pharma, vous pourrez optimiser votre espace publique sans travaux cons\u00e9quents, de fa\u00e7on simple et efficace le tout \u00e0 un budget abordable.<br \/>\nLa gamme offre un vaste \u00e9ventail de mobilier et d\u2019accessoires d\u2019aide \u00e0 la vente ainsi que des solutions en communication visuelle pour redynamiser votre espace de vente.<\/p>\n","protected":false},"excerpt":{"rendered":"<p>Gr\u00e2ce \u00e0 la gamme de mobilier d&#8217;am\u00e9nagement d&#8217;H-Pharma, vous pourrez optimiser votre espace publique sans travaux cons\u00e9quents, de fa\u00e7on simple et efficace le tout \u00e0 un budget abordable. La gamme offre un vaste \u00e9ventail de mobilier et d\u2019accessoires d\u2019aide \u00e0 la vente ainsi que des solutions en communication visuelle pour redynamiser votre espace de vente.<\/p>\n","protected":false},"featured_media":19657,"template":"","meta":{"_seopress_robots_primary_cat":"","_seopress_titles_title":"","_seopress_titles_desc":"","_seopress_robots_index":"","_api_id":"154400","_exhibitors":["15868"],"footnotes":""},"tags":[],"edition":[451],"product-category":[],"class_list":["post-19652","products","type-products","status-publish","has-post-thumbnail","hentry","edition-pharma-forum-2023"],"_links":{"self":[{"href":"https:\/\/www.pharmaforum.be\/fr\/wp-json\/wp\/v2\/products\/19652","targetHints":{"allow":["GET"]}}],"collection":[{"href":"https:\/\/www.pharmaforum.be\/fr\/wp-json\/wp\/v2\/products"}],"about":[{"href":"https:\/\/www.pharmaforum.be\/fr\/wp-json\/wp\/v2\/types\/products"}],"version-history":[{"count":1,"href":"https:\/\/www.pharmaforum.be\/fr\/wp-json\/wp\/v2\/products\/19652\/revisions"}],"predecessor-version":[{"id":19682,"href":"https:\/\/www.pharmaforum.be\/fr\/wp-json\/wp\/v2\/products\/19652\/revisions\/19682"}],"wp:featuredmedia":[{"embeddable":true,"href":"https:\/\/www.pharmaforum.be\/fr\/wp-json\/wp\/v2\/media\/19657"}],"wp:attachment":[{"href":"https:\/\/www.pharmaforum.be\/fr\/wp-json\/wp\/v2\/media?parent=19652"}],"wp:term":[{"taxonomy":"post_tag","embeddable":true,"href":"https:\/\/www.pharmaforum.be\/fr\/wp-json\/wp\/v2\/tags?post=19652"},{"taxonomy":"edition","embeddable":true,"href":"https:\/\/www.pharmaforum.be\/fr\/wp-json\/wp\/v2\/edition?post=19652"},{"taxonomy":"product-category","embeddable":true,"href":"https:\/\/www.pharmaforum.be\/fr\/wp-json\/wp\/v2\/product-category?post=19652"}],"curies":[{"name":"wp","href":"https:\/\/api.w.org\/{rel}","templated":true}]}}

Mobilier d&#8217;aménagement

<p>Grâce à la gamme de mobilier d&#8217;aménagement d&#8217;H-Pharma, vous pourrez optimiser votre espace publique sans travaux conséquents, de façon simple et efficace le tout à un budget abordable.<br />
La gamme offre un vaste éventail de mobilier et d’accessoires d’aide à la vente ainsi que des solutions en communication visuelle pour redynamiser votre espace de vente.</p>

<p>Grâce à la gamme de mobilier d&#8217;aménagement d&#8217;H-Pharma, vous pourrez optimiser votre espace publique sans travaux conséquents, de façon simple et efficace le tout à un budget abordable. La gamme offre un vaste éventail de mobilier et d’accessoires d’aide à la vente ainsi que des solutions en communication visuelle pour redynamiser votre espace de vente.</p>
