{"id":20211,"date":"2023-08-04T15:18:40","date_gmt":"2023-08-04T13:18:40","guid":{"rendered":"https:\/\/www.pharmaforum.be\/products\/creme-corps-regenerante-enveloppe\/"},"modified":"2023-08-04T15:41:50","modified_gmt":"2023-08-04T13:41:50","slug":"creme-corps-regenerante","status":"publish","type":"products","link":"https:\/\/www.pharmaforum.be\/fr\/products\/creme-corps-regenerante\/","title":{"rendered":"Cr\u00e8me corps R\u00e9g\u00e9n\u00e9rante"},"content":{"rendered":"<p>Une cr\u00e8me hydratante pour le corps alliant les actifs anti-\u00e2ge de la vigne avec le pouvoir raffermissant des actifs de plantes pour une protection cellulaire longue dur\u00e9e.<\/p>\n","protected":false},"excerpt":{"rendered":"<p>Une cr\u00e8me hydratante pour le corps alliant les actifs anti-\u00e2ge de la vigne avec le pouvoir raffermissant des actifs de plantes pour une protection cellulaire longue dur\u00e9e.<\/p>\n","protected":false},"featured_media":0,"template":"","meta":{"_seopress_robots_primary_cat":"","_seopress_titles_title":"","_seopress_titles_desc":"","_seopress_robots_index":"","_api_id":"160434","_exhibitors":["15878"],"footnotes":""},"tags":[],"edition":[451],"product-category":[],"class_list":["post-20211","products","type-products","status-publish","hentry","edition-pharma-forum-2023"],"_links":{"self":[{"href":"https:\/\/www.pharmaforum.be\/fr\/wp-json\/wp\/v2\/products\/20211","targetHints":{"allow":["GET"]}}],"collection":[{"href":"https:\/\/www.pharmaforum.be\/fr\/wp-json\/wp\/v2\/products"}],"about":[{"href":"https:\/\/www.pharmaforum.be\/fr\/wp-json\/wp\/v2\/types\/products"}],"version-history":[{"count":2,"href":"https:\/\/www.pharmaforum.be\/fr\/wp-json\/wp\/v2\/products\/20211\/revisions"}],"predecessor-version":[{"id":20262,"href":"https:\/\/www.pharmaforum.be\/fr\/wp-json\/wp\/v2\/products\/20211\/revisions\/20262"}],"wp:attachment":[{"href":"https:\/\/www.pharmaforum.be\/fr\/wp-json\/wp\/v2\/media?parent=20211"}],"wp:term":[{"taxonomy":"post_tag","embeddable":true,"href":"https:\/\/www.pharmaforum.be\/fr\/wp-json\/wp\/v2\/tags?post=20211"},{"taxonomy":"edition","embeddable":true,"href":"https:\/\/www.pharmaforum.be\/fr\/wp-json\/wp\/v2\/edition?post=20211"},{"taxonomy":"product-category","embeddable":true,"href":"https:\/\/www.pharmaforum.be\/fr\/wp-json\/wp\/v2\/product-category?post=20211"}],"curies":[{"name":"wp","href":"https:\/\/api.w.org\/{rel}","templated":true}]}}

Crème corps Régénérante

<p>Une crème hydratante pour le corps alliant les actifs anti-âge de la vigne avec le pouvoir raffermissant des actifs de plantes pour une protection cellulaire longue durée.</p>
