{"id":20603,"date":"2023-08-23T14:47:24","date_gmt":"2023-08-23T12:47:24","guid":{"rendered":"https:\/\/www.pharmaforum.be\/products\/pure-d-junior\/"},"modified":"2023-08-23T14:47:24","modified_gmt":"2023-08-23T12:47:24","slug":"pure-d-junior","status":"publish","type":"products","link":"https:\/\/www.pharmaforum.be\/fr\/products\/pure-d-junior\/","title":{"rendered":"Pure D Junior"},"content":{"rendered":"<p>La vitamine D contribue au fonctionnement normal du syst\u00e8me immunitaire chez les enfants.<br \/>\nParticuli\u00e8rement recommand\u00e9 en cas de production r\u00e9duite de vitamine D en automne et en hiver. La vitamine D est n\u00e9cessaire \u00e0 la croissance et au d\u00e9veloppement normal des os chez les enfants.<\/p>\n","protected":false},"excerpt":{"rendered":"<p>La vitamine D contribue au fonctionnement normal du syst\u00e8me immunitaire chez les enfants. Particuli\u00e8rement recommand\u00e9 en cas de production r\u00e9duite de vitamine D en automne et en hiver. La vitamine D est n\u00e9cessaire \u00e0 la croissance et au d\u00e9veloppement normal des os chez les enfants.<\/p>\n","protected":false},"featured_media":0,"template":"","meta":{"_seopress_robots_primary_cat":"","_seopress_titles_title":"","_seopress_titles_desc":"","_seopress_robots_index":"","_api_id":"157182","_exhibitors":["15894"],"footnotes":""},"tags":[],"edition":[451],"product-category":[],"class_list":["post-20603","products","type-products","status-publish","hentry","edition-pharma-forum-2023"],"_links":{"self":[{"href":"https:\/\/www.pharmaforum.be\/fr\/wp-json\/wp\/v2\/products\/20603","targetHints":{"allow":["GET"]}}],"collection":[{"href":"https:\/\/www.pharmaforum.be\/fr\/wp-json\/wp\/v2\/products"}],"about":[{"href":"https:\/\/www.pharmaforum.be\/fr\/wp-json\/wp\/v2\/types\/products"}],"version-history":[{"count":0,"href":"https:\/\/www.pharmaforum.be\/fr\/wp-json\/wp\/v2\/products\/20603\/revisions"}],"wp:attachment":[{"href":"https:\/\/www.pharmaforum.be\/fr\/wp-json\/wp\/v2\/media?parent=20603"}],"wp:term":[{"taxonomy":"post_tag","embeddable":true,"href":"https:\/\/www.pharmaforum.be\/fr\/wp-json\/wp\/v2\/tags?post=20603"},{"taxonomy":"edition","embeddable":true,"href":"https:\/\/www.pharmaforum.be\/fr\/wp-json\/wp\/v2\/edition?post=20603"},{"taxonomy":"product-category","embeddable":true,"href":"https:\/\/www.pharmaforum.be\/fr\/wp-json\/wp\/v2\/product-category?post=20603"}],"curies":[{"name":"wp","href":"https:\/\/api.w.org\/{rel}","templated":true}]}}

<p>La vitamine D contribue au fonctionnement normal du système immunitaire chez les enfants.<br />
Particulièrement recommandé en cas de production réduite de vitamine D en automne et en hiver. La vitamine D est nécessaire à la croissance et au développement normal des os chez les enfants.</p>

<p>La vitamine D contribue au fonctionnement normal du système immunitaire chez les enfants. Particulièrement recommandé en cas de production réduite de vitamine D en automne et en hiver. La vitamine D est nécessaire à la croissance et au développement normal des os chez les enfants.</p>
