{"id":21628,"date":"2023-09-18T17:03:53","date_gmt":"2023-09-18T15:03:53","guid":{"rendered":"https:\/\/www.pharmaforum.be\/products\/le-brad-fer-fer-dorigine-vegetale-90-comprimes\/"},"modified":"2023-09-18T17:04:43","modified_gmt":"2023-09-18T15:04:43","slug":"le-brad-fer-fer-dorigine-vegetale-90-comprimes","status":"publish","type":"products","link":"https:\/\/www.pharmaforum.be\/fr\/products\/le-brad-fer-fer-dorigine-vegetale-90-comprimes\/","title":{"rendered":"Le Brad&#8217; Fer &#8211; Fer d&#8217;origine v\u00e9g\u00e9tale &#8211; 90 comprim\u00e9s"},"content":{"rendered":"<p>Ces comprim\u00e9s de fer naturel contribuent \u00e0 la r\u00e9duction de la fatigue, \u00e0 la formation normale des globules rouges et de l&#8217;h\u00e9moglobine ainsi qu&#8217;au fonctionnement normal du syst\u00e8me immunitaire.<\/p>\n<p>Le fer est recommand\u00e9 aux personnes souffrant de carence en fer ou de fatigue, aux femmes et \u00e0 ceux qui suivent un r\u00e9gime v\u00e9g\u00e9tarien\/v\u00e9g\u00e9talien.<\/p>\n<p>Ce compl\u00e9ment est vendu dans un emballage enti\u00e8rement compostable, fait de carton recycl\u00e9 et de li\u00e8ge. Il contient 90 comprim\u00e9s, ce qui devrait suffire pour 3 mois d&#8217;utilisation.<\/p>\n<p>Origine naturelle | Biologique<\/p>\n","protected":false},"excerpt":{"rendered":"<p>Ces comprim\u00e9s de fer naturel contribuent \u00e0 la r\u00e9duction de la fatigue, \u00e0 la formation normale des globules rouges et de l&#8217;h\u00e9moglobine ainsi qu&#8217;au fonctionnement normal du syst\u00e8me immunitaire. Le fer est recommand\u00e9 aux personnes souffrant de carence en fer ou de fatigue, aux femmes et \u00e0 ceux qui suivent un r\u00e9gime v\u00e9g\u00e9tarien\/v\u00e9g\u00e9talien. Ce compl\u00e9ment [&hellip;]<\/p>\n","protected":false},"featured_media":21630,"template":"","meta":{"_seopress_robots_primary_cat":"","_seopress_titles_title":"","_seopress_titles_desc":"","_seopress_robots_index":"","_api_id":"202053","_exhibitors":["18448"],"footnotes":""},"tags":[],"edition":[451],"product-category":[],"class_list":["post-21628","products","type-products","status-publish","has-post-thumbnail","hentry","edition-pharma-forum-2023"],"_links":{"self":[{"href":"https:\/\/www.pharmaforum.be\/fr\/wp-json\/wp\/v2\/products\/21628","targetHints":{"allow":["GET"]}}],"collection":[{"href":"https:\/\/www.pharmaforum.be\/fr\/wp-json\/wp\/v2\/products"}],"about":[{"href":"https:\/\/www.pharmaforum.be\/fr\/wp-json\/wp\/v2\/types\/products"}],"version-history":[{"count":1,"href":"https:\/\/www.pharmaforum.be\/fr\/wp-json\/wp\/v2\/products\/21628\/revisions"}],"predecessor-version":[{"id":21632,"href":"https:\/\/www.pharmaforum.be\/fr\/wp-json\/wp\/v2\/products\/21628\/revisions\/21632"}],"wp:featuredmedia":[{"embeddable":true,"href":"https:\/\/www.pharmaforum.be\/fr\/wp-json\/wp\/v2\/media\/21630"}],"wp:attachment":[{"href":"https:\/\/www.pharmaforum.be\/fr\/wp-json\/wp\/v2\/media?parent=21628"}],"wp:term":[{"taxonomy":"post_tag","embeddable":true,"href":"https:\/\/www.pharmaforum.be\/fr\/wp-json\/wp\/v2\/tags?post=21628"},{"taxonomy":"edition","embeddable":true,"href":"https:\/\/www.pharmaforum.be\/fr\/wp-json\/wp\/v2\/edition?post=21628"},{"taxonomy":"product-category","embeddable":true,"href":"https:\/\/www.pharmaforum.be\/fr\/wp-json\/wp\/v2\/product-category?post=21628"}],"curies":[{"name":"wp","href":"https:\/\/api.w.org\/{rel}","templated":true}]}}

Le Brad&#8217; Fer &#8211; Fer d&#8217;origine végétale &#8211; 90 comprimés

<p>Ces comprimés de fer naturel contribuent à la réduction de la fatigue, à la formation normale des globules rouges et de l&#8217;hémoglobine ainsi qu&#8217;au fonctionnement normal du système immunitaire.</p>
<p>Le fer est recommandé aux personnes souffrant de carence en fer ou de fatigue, aux femmes et à ceux qui suivent un régime végétarien/végétalien.</p>
<p>Ce complément est vendu dans un emballage entièrement compostable, fait de carton recyclé et de liège. Il contient 90 comprimés, ce qui devrait suffire pour 3 mois d&#8217;utilisation.</p>
<p>Origine naturelle | Biologique</p>

<p>Ces comprimés de fer naturel contribuent à la réduction de la fatigue, à la formation normale des globules rouges et de l&#8217;hémoglobine ainsi qu&#8217;au fonctionnement normal du système immunitaire. Le fer est recommandé aux personnes souffrant de carence en fer ou de fatigue, aux femmes et à ceux qui suivent un régime végétarien/végétalien. Ce complément [&hellip;]</p>
