{"id":21644,"date":"2023-09-18T17:09:36","date_gmt":"2023-09-18T15:09:36","guid":{"rendered":"https:\/\/www.pharmaforum.be\/products\/la-dede-vitamine-d3-120-comprimes\/"},"modified":"2023-09-18T17:10:26","modified_gmt":"2023-09-18T15:10:26","slug":"la-dede-vitamine-d3-120-comprimes","status":"publish","type":"products","link":"https:\/\/www.pharmaforum.be\/fr\/products\/la-dede-vitamine-d3-120-comprimes\/","title":{"rendered":"La D\u00e9d\u00e9 &#8211; Vitamine D3 &#8211; 120 comprim\u00e9s"},"content":{"rendered":"<p>Le soleil vous manque ? Aidez-vous de cette vitamine D3 au go\u00fbt d\u00e9licieux de fraises. Prendre vos vitamines n&#8217;a jamais \u00e9t\u00e9 aussi savoureux !<\/p>\n<p>La vitamine D3 est recommand\u00e9e aux personnes qui ont besoin de renforcer leurs d\u00e9fenses naturelles en dehors des mois d&#8217;\u00e9t\u00e9 et \u00e0 celles qui ne pratiquent pas beaucoup d&#8217;activit\u00e9s en plein air.<\/p>\n<p>La vitamine D3 contribue :<\/p>\n<p>au fonctionnement normal du syst\u00e8me immunitaire ;<br \/>\n\u00e0 l&#8217;absorption normale du calcium et du phosphore ;<br \/>\nau maintien de la sant\u00e9 des os et des dents.<br \/>\nElle est fournie dans un emballage enti\u00e8rement compostable compos\u00e9 de carton recycl\u00e9 et de li\u00e8ge.<\/p>\n<p>Naturel | Vegan<\/p>\n","protected":false},"excerpt":{"rendered":"<p>Le soleil vous manque ? Aidez-vous de cette vitamine D3 au go\u00fbt d\u00e9licieux de fraises. Prendre vos vitamines n&#8217;a jamais \u00e9t\u00e9 aussi savoureux ! La vitamine D3 est recommand\u00e9e aux personnes qui ont besoin de renforcer leurs d\u00e9fenses naturelles en dehors des mois d&#8217;\u00e9t\u00e9 et \u00e0 celles qui ne pratiquent pas beaucoup d&#8217;activit\u00e9s en plein [&hellip;]<\/p>\n","protected":false},"featured_media":21646,"template":"","meta":{"_seopress_robots_primary_cat":"","_seopress_titles_title":"","_seopress_titles_desc":"","_seopress_robots_index":"","_api_id":"202058","_exhibitors":["18448"],"footnotes":""},"tags":[],"edition":[451],"product-category":[],"class_list":["post-21644","products","type-products","status-publish","has-post-thumbnail","hentry","edition-pharma-forum-2023"],"_links":{"self":[{"href":"https:\/\/www.pharmaforum.be\/fr\/wp-json\/wp\/v2\/products\/21644","targetHints":{"allow":["GET"]}}],"collection":[{"href":"https:\/\/www.pharmaforum.be\/fr\/wp-json\/wp\/v2\/products"}],"about":[{"href":"https:\/\/www.pharmaforum.be\/fr\/wp-json\/wp\/v2\/types\/products"}],"version-history":[{"count":1,"href":"https:\/\/www.pharmaforum.be\/fr\/wp-json\/wp\/v2\/products\/21644\/revisions"}],"predecessor-version":[{"id":21648,"href":"https:\/\/www.pharmaforum.be\/fr\/wp-json\/wp\/v2\/products\/21644\/revisions\/21648"}],"wp:featuredmedia":[{"embeddable":true,"href":"https:\/\/www.pharmaforum.be\/fr\/wp-json\/wp\/v2\/media\/21646"}],"wp:attachment":[{"href":"https:\/\/www.pharmaforum.be\/fr\/wp-json\/wp\/v2\/media?parent=21644"}],"wp:term":[{"taxonomy":"post_tag","embeddable":true,"href":"https:\/\/www.pharmaforum.be\/fr\/wp-json\/wp\/v2\/tags?post=21644"},{"taxonomy":"edition","embeddable":true,"href":"https:\/\/www.pharmaforum.be\/fr\/wp-json\/wp\/v2\/edition?post=21644"},{"taxonomy":"product-category","embeddable":true,"href":"https:\/\/www.pharmaforum.be\/fr\/wp-json\/wp\/v2\/product-category?post=21644"}],"curies":[{"name":"wp","href":"https:\/\/api.w.org\/{rel}","templated":true}]}}

La Dédé &#8211; Vitamine D3 &#8211; 120 comprimés

<p>Le soleil vous manque ? Aidez-vous de cette vitamine D3 au goût délicieux de fraises. Prendre vos vitamines n&#8217;a jamais été aussi savoureux !</p>
<p>La vitamine D3 est recommandée aux personnes qui ont besoin de renforcer leurs défenses naturelles en dehors des mois d&#8217;été et à celles qui ne pratiquent pas beaucoup d&#8217;activités en plein air.</p>
<p>La vitamine D3 contribue :</p>
<p>au fonctionnement normal du système immunitaire ;<br />
à l&#8217;absorption normale du calcium et du phosphore ;<br />
au maintien de la santé des os et des dents.<br />
Elle est fournie dans un emballage entièrement compostable composé de carton recyclé et de liège.</p>
<p>Naturel | Vegan</p>

<p>Le soleil vous manque ? Aidez-vous de cette vitamine D3 au goût délicieux de fraises. Prendre vos vitamines n&#8217;a jamais été aussi savoureux ! La vitamine D3 est recommandée aux personnes qui ont besoin de renforcer leurs défenses naturelles en dehors des mois d&#8217;été et à celles qui ne pratiquent pas beaucoup d&#8217;activités en plein [&hellip;]</p>
