{"id":21772,"date":"2023-09-20T16:22:04","date_gmt":"2023-09-20T14:22:04","guid":{"rendered":"https:\/\/www.pharmaforum.be\/products\/creme-hydratante-pour-visage-a-la-poudre-dargan\/"},"modified":"2023-09-20T16:22:37","modified_gmt":"2023-09-20T14:22:37","slug":"creme-hydratante-pour-visage-a-la-poudre-dargan","status":"publish","type":"products","link":"https:\/\/www.pharmaforum.be\/fr\/products\/creme-hydratante-pour-visage-a-la-poudre-dargan\/","title":{"rendered":"Cr\u00e8me Hydratante pour Visage \u00e0 la Poudre d&#8217;Argan"},"content":{"rendered":"<p>Une cr\u00e8me pour le visage prim\u00e9e, profond\u00e9ment hydratante et \u00e0 absorption rapide, pour nourrir et illuminer la peau. Fabriqu\u00e9e \u00e0 partir de poudre finement moulue de coquilles d&#8217;argan rejet\u00e9es, un r\u00e9sidu naturel de l&#8217;industrie de l&#8217;huile d&#8217;argan et riche en vitamine E antioxydante.<\/p>\n<p>Cette cr\u00e8me hydratante convient \u00e0 tous les types de peau. La poudre d&#8217;argan riche en vitamine E est associ\u00e9e au beurre de cacao apaisant pour la peau, \u00e0 l&#8217;aloe vera et \u00e0 l&#8217;orange sanguine dans un m\u00e9lange unique.<\/p>\n<p>Vegan | Durable | Sans plastique<\/p>\n","protected":false},"excerpt":{"rendered":"<p>Une cr\u00e8me pour le visage prim\u00e9e, profond\u00e9ment hydratante et \u00e0 absorption rapide, pour nourrir et illuminer la peau. Fabriqu\u00e9e \u00e0 partir de poudre finement moulue de coquilles d&#8217;argan rejet\u00e9es, un r\u00e9sidu naturel de l&#8217;industrie de l&#8217;huile d&#8217;argan et riche en vitamine E antioxydante. Cette cr\u00e8me hydratante convient \u00e0 tous les types de peau. La poudre [&hellip;]<\/p>\n","protected":false},"featured_media":21774,"template":"","meta":{"_seopress_robots_primary_cat":"","_seopress_titles_title":"","_seopress_titles_desc":"","_seopress_robots_index":"","_api_id":"202476","_exhibitors":["18448"],"footnotes":""},"tags":[],"edition":[451],"product-category":[],"class_list":["post-21772","products","type-products","status-publish","has-post-thumbnail","hentry","edition-pharma-forum-2023"],"_links":{"self":[{"href":"https:\/\/www.pharmaforum.be\/fr\/wp-json\/wp\/v2\/products\/21772","targetHints":{"allow":["GET"]}}],"collection":[{"href":"https:\/\/www.pharmaforum.be\/fr\/wp-json\/wp\/v2\/products"}],"about":[{"href":"https:\/\/www.pharmaforum.be\/fr\/wp-json\/wp\/v2\/types\/products"}],"version-history":[{"count":2,"href":"https:\/\/www.pharmaforum.be\/fr\/wp-json\/wp\/v2\/products\/21772\/revisions"}],"predecessor-version":[{"id":21778,"href":"https:\/\/www.pharmaforum.be\/fr\/wp-json\/wp\/v2\/products\/21772\/revisions\/21778"}],"wp:featuredmedia":[{"embeddable":true,"href":"https:\/\/www.pharmaforum.be\/fr\/wp-json\/wp\/v2\/media\/21774"}],"wp:attachment":[{"href":"https:\/\/www.pharmaforum.be\/fr\/wp-json\/wp\/v2\/media?parent=21772"}],"wp:term":[{"taxonomy":"post_tag","embeddable":true,"href":"https:\/\/www.pharmaforum.be\/fr\/wp-json\/wp\/v2\/tags?post=21772"},{"taxonomy":"edition","embeddable":true,"href":"https:\/\/www.pharmaforum.be\/fr\/wp-json\/wp\/v2\/edition?post=21772"},{"taxonomy":"product-category","embeddable":true,"href":"https:\/\/www.pharmaforum.be\/fr\/wp-json\/wp\/v2\/product-category?post=21772"}],"curies":[{"name":"wp","href":"https:\/\/api.w.org\/{rel}","templated":true}]}}

Crème Hydratante pour Visage à la Poudre d&#8217;Argan

<p>Une crème pour le visage primée, profondément hydratante et à absorption rapide, pour nourrir et illuminer la peau. Fabriquée à partir de poudre finement moulue de coquilles d&#8217;argan rejetées, un résidu naturel de l&#8217;industrie de l&#8217;huile d&#8217;argan et riche en vitamine E antioxydante.</p>
<p>Cette crème hydratante convient à tous les types de peau. La poudre d&#8217;argan riche en vitamine E est associée au beurre de cacao apaisant pour la peau, à l&#8217;aloe vera et à l&#8217;orange sanguine dans un mélange unique.</p>
<p>Vegan | Durable | Sans plastique</p>

<p>Une crème pour le visage primée, profondément hydratante et à absorption rapide, pour nourrir et illuminer la peau. Fabriquée à partir de poudre finement moulue de coquilles d&#8217;argan rejetées, un résidu naturel de l&#8217;industrie de l&#8217;huile d&#8217;argan et riche en vitamine E antioxydante. Cette crème hydratante convient à tous les types de peau. La poudre [&hellip;]</p>
