{"id":21831,"date":"2023-09-21T15:18:19","date_gmt":"2023-09-21T13:18:19","guid":{"rendered":"https:\/\/www.pharmaforum.be\/products\/salle-de-douche-de-lespace-de-garde\/"},"modified":"2023-09-21T15:21:46","modified_gmt":"2023-09-21T13:21:46","slug":"salle-de-douche-de-lespace-de-garde","status":"publish","type":"products","link":"https:\/\/www.pharmaforum.be\/fr\/products\/salle-de-douche-de-lespace-de-garde\/","title":{"rendered":"salle de douche de l&#8217;espace de garde"},"content":{"rendered":"<p>conception et r\u00e9alisation de votre espace de garde en vous offrant le confort d\u00e9sir\u00e9<\/p>\n","protected":false},"excerpt":{"rendered":"<p>conception et r\u00e9alisation de votre espace de garde en vous offrant le confort d\u00e9sir\u00e9<\/p>\n","protected":false},"featured_media":21862,"template":"","meta":{"_seopress_robots_primary_cat":"","_seopress_titles_title":"","_seopress_titles_desc":"","_seopress_robots_index":"","_api_id":"160119","_exhibitors":["15888"],"footnotes":""},"tags":[],"edition":[451],"product-category":[],"class_list":["post-21831","products","type-products","status-publish","has-post-thumbnail","hentry","edition-pharma-forum-2023"],"_links":{"self":[{"href":"https:\/\/www.pharmaforum.be\/fr\/wp-json\/wp\/v2\/products\/21831","targetHints":{"allow":["GET"]}}],"collection":[{"href":"https:\/\/www.pharmaforum.be\/fr\/wp-json\/wp\/v2\/products"}],"about":[{"href":"https:\/\/www.pharmaforum.be\/fr\/wp-json\/wp\/v2\/types\/products"}],"version-history":[{"count":1,"href":"https:\/\/www.pharmaforum.be\/fr\/wp-json\/wp\/v2\/products\/21831\/revisions"}],"predecessor-version":[{"id":21885,"href":"https:\/\/www.pharmaforum.be\/fr\/wp-json\/wp\/v2\/products\/21831\/revisions\/21885"}],"wp:featuredmedia":[{"embeddable":true,"href":"https:\/\/www.pharmaforum.be\/fr\/wp-json\/wp\/v2\/media\/21862"}],"wp:attachment":[{"href":"https:\/\/www.pharmaforum.be\/fr\/wp-json\/wp\/v2\/media?parent=21831"}],"wp:term":[{"taxonomy":"post_tag","embeddable":true,"href":"https:\/\/www.pharmaforum.be\/fr\/wp-json\/wp\/v2\/tags?post=21831"},{"taxonomy":"edition","embeddable":true,"href":"https:\/\/www.pharmaforum.be\/fr\/wp-json\/wp\/v2\/edition?post=21831"},{"taxonomy":"product-category","embeddable":true,"href":"https:\/\/www.pharmaforum.be\/fr\/wp-json\/wp\/v2\/product-category?post=21831"}],"curies":[{"name":"wp","href":"https:\/\/api.w.org\/{rel}","templated":true}]}}

<p>conception et réalisation de votre espace de garde en vous offrant le confort désiré</p>
