{"id":21833,"date":"2023-09-21T15:18:20","date_gmt":"2023-09-21T13:18:20","guid":{"rendered":"https:\/\/www.pharmaforum.be\/products\/votre-espace-privatif\/"},"modified":"2023-09-21T15:21:47","modified_gmt":"2023-09-21T13:21:47","slug":"votre-espace-privatif","status":"publish","type":"products","link":"https:\/\/www.pharmaforum.be\/fr\/products\/votre-espace-privatif\/","title":{"rendered":"votre espace privatif"},"content":{"rendered":"<p>agencement de votre espace privatif<br \/>\nde la conception \u00e0 la r\u00e9alisation compl\u00e8te<\/p>\n","protected":false},"excerpt":{"rendered":"<p>agencement de votre espace privatif de la conception \u00e0 la r\u00e9alisation compl\u00e8te<\/p>\n","protected":false},"featured_media":21874,"template":"","meta":{"_seopress_robots_primary_cat":"","_seopress_titles_title":"","_seopress_titles_desc":"","_seopress_robots_index":"","_api_id":"160122","_exhibitors":["15888"],"footnotes":""},"tags":[],"edition":[451],"product-category":[],"class_list":["post-21833","products","type-products","status-publish","has-post-thumbnail","hentry","edition-pharma-forum-2023"],"_links":{"self":[{"href":"https:\/\/www.pharmaforum.be\/fr\/wp-json\/wp\/v2\/products\/21833","targetHints":{"allow":["GET"]}}],"collection":[{"href":"https:\/\/www.pharmaforum.be\/fr\/wp-json\/wp\/v2\/products"}],"about":[{"href":"https:\/\/www.pharmaforum.be\/fr\/wp-json\/wp\/v2\/types\/products"}],"version-history":[{"count":1,"href":"https:\/\/www.pharmaforum.be\/fr\/wp-json\/wp\/v2\/products\/21833\/revisions"}],"predecessor-version":[{"id":21889,"href":"https:\/\/www.pharmaforum.be\/fr\/wp-json\/wp\/v2\/products\/21833\/revisions\/21889"}],"wp:featuredmedia":[{"embeddable":true,"href":"https:\/\/www.pharmaforum.be\/fr\/wp-json\/wp\/v2\/media\/21874"}],"wp:attachment":[{"href":"https:\/\/www.pharmaforum.be\/fr\/wp-json\/wp\/v2\/media?parent=21833"}],"wp:term":[{"taxonomy":"post_tag","embeddable":true,"href":"https:\/\/www.pharmaforum.be\/fr\/wp-json\/wp\/v2\/tags?post=21833"},{"taxonomy":"edition","embeddable":true,"href":"https:\/\/www.pharmaforum.be\/fr\/wp-json\/wp\/v2\/edition?post=21833"},{"taxonomy":"product-category","embeddable":true,"href":"https:\/\/www.pharmaforum.be\/fr\/wp-json\/wp\/v2\/product-category?post=21833"}],"curies":[{"name":"wp","href":"https:\/\/api.w.org\/{rel}","templated":true}]}}

<p>agencement de votre espace privatif<br />
de la conception à la réalisation complète</p>

<p>agencement de votre espace privatif de la conception à la réalisation complète</p>
