{"id":17530,"date":"2023-05-23T15:50:28","date_gmt":"2023-05-23T13:50:28","guid":{"rendered":"https:\/\/www.pharmaforum.be\/exhibitor\/aviq-agence-pour-une-vie-de-qualite-2\/"},"modified":"2023-08-30T13:20:14","modified_gmt":"2023-08-30T11:20:14","slug":"aviq-agence-pour-une-vie-de-qualite","status":"publish","type":"exhibitor","link":"https:\/\/www.pharmaforum.be\/nl\/exhibitor\/aviq-agence-pour-une-vie-de-qualite\/","title":{"rendered":"AVIQ (Agence pour une Vie de Qualit\u00e9)"},"content":{"rendered":"<p>L&#8217;Agence pour une vie de qualit\u00e9 (AVIQ) est un organisme public wallon charg\u00e9 de mener \u00e0 bien la politique wallonne en mati\u00e8re de famille, sant\u00e9 et handicap.<\/p>\n","protected":false},"excerpt":{"rendered":"<p>L&#8217;Agence pour une vie de qualit\u00e9 (AVIQ) est un organisme public wallon charg\u00e9 de mener \u00e0 bien la politique wallonne en mati\u00e8re de famille, sant\u00e9 et handicap.<\/p>\n","protected":false},"featured_media":0,"template":"","meta":{"_seopress_robots_primary_cat":"","_seopress_titles_title":"","_seopress_titles_desc":"","_seopress_robots_index":"","_api_id":"160914","_stand_number":"1206","_partner_id":"332r3mrfjssdd","_package_code":"00-EASY-EASYGO25-200","_website":"https:\/\/www.aviq.be","_email":"christelle.dellisse@aviq.be","_facebook":"","_linkedin":"","_twitter":"","_instagram":"","_zipcode":"6061","_town":"Charleroi","_video_banner":"","_floorplan_url":"","footnotes":""},"edition":[451],"country":[41],"exhibitor-category":[473],"class_list":["post-17530","exhibitor","type-exhibitor","status-publish","hentry","edition-pharma-forum-2023","country-be","exhibitor-category-federaties-en-organisaties-16324"],"_logo":6074,"_cover_image":null,"_thumbnail_id":null,"_products":[{"href":"https:\/\/www.pharmaforum.be\/nl\/wp-json\/wp\/v2\/products\/21210"}],"_news":[],"_jobs":[],"_links":{"self":[{"href":"https:\/\/www.pharmaforum.be\/nl\/wp-json\/wp\/v2\/exhibitor\/17530","targetHints":{"allow":["GET"]}}],"collection":[{"href":"https:\/\/www.pharmaforum.be\/nl\/wp-json\/wp\/v2\/exhibitor"}],"about":[{"href":"https:\/\/www.pharmaforum.be\/nl\/wp-json\/wp\/v2\/types\/exhibitor"}],"version-history":[{"count":4,"href":"https:\/\/www.pharmaforum.be\/nl\/wp-json\/wp\/v2\/exhibitor\/17530\/revisions"}],"predecessor-version":[{"id":20949,"href":"https:\/\/www.pharmaforum.be\/nl\/wp-json\/wp\/v2\/exhibitor\/17530\/revisions\/20949"}],"wp:attachment":[{"href":"https:\/\/www.pharmaforum.be\/nl\/wp-json\/wp\/v2\/media?parent=17530"}],"wp:term":[{"taxonomy":"edition","embeddable":true,"href":"https:\/\/www.pharmaforum.be\/nl\/wp-json\/wp\/v2\/edition?post=17530"},{"taxonomy":"country","embeddable":true,"href":"https:\/\/www.pharmaforum.be\/nl\/wp-json\/wp\/v2\/country?post=17530"},{"taxonomy":"exhibitor-category","embeddable":true,"href":"https:\/\/www.pharmaforum.be\/nl\/wp-json\/wp\/v2\/exhibitor-category?post=17530"}],"curies":[{"name":"wp","href":"https:\/\/api.w.org\/{rel}","templated":true}]}}

AVIQ (Agence pour une Vie de Qualité)

<p>L&#8217;Agence pour une vie de qualité (AVIQ) est un organisme public wallon chargé de mener à bien la politique wallonne en matière de famille, santé et handicap.</p>
